{"id":1402,"date":"2021-10-27T13:02:26","date_gmt":"2021-10-27T11:02:26","guid":{"rendered":"https:\/\/portaleseducativos.educarex.es\/aulasdelfuturo\/dimensiones\/"},"modified":"2025-07-11T18:57:31","modified_gmt":"2025-07-11T16:57:31","slug":"dimensiones","status":"publish","type":"page","link":"https:\/\/portaleseducativos.educarex.es\/aulasdelfuturo\/dimensiones\/","title":{"rendered":"Dimensiones"},"content":{"rendered":"<h1>\n<p><span style=\"text-shadow: 0 0 7px #000; color: #ffffff; font-family: 'arial black', 'avant garde';\"><strong>Aulas del Futuro en Extremadura (AdFE)<\/strong><\/span><\/p>\n<\/h1>\n<h1>\n<p><span style=\"text-shadow: 0 0 7px #000; color: #ffffff; font-size: 14pt; font-family: 'arial black', 'avant garde';\"><strong><span style=\"font-size: 18pt;\">DIMENSIONES<\/span><\/strong><\/span><\/p>\n<\/h1>\n<p><a href=\"https:\/\/innovated.educarex.es\/\"><img decoding=\"async\" src=\"\/aulasdelfuturo\/wp-content\/uploads\/sites\/270\/2025\/07\/innovatedsolologolateral4-d8a6650c.webp\" alt=\"Programa INNOVATED\"><\/a><\/p>\n<ul>\n<li>\n        <a href=\"\/aulasdelfuturo\/index.php?option=com_content&amp;view=article&amp;id=3278&amp;catid=300\">NORMATIVA<\/a>\n    <\/li>\n<li>\n        <a href=\"\/aulasdelfuturo\/index.php?option=com_content&amp;view=article&amp;id=3273&amp;catid=312\">ZONAS DE APRENDIZAJE<\/a>\n    <\/li>\n<li>\n        <a href=\"\/aulasdelfuturo\/index.php?option=com_content&amp;view=article&amp;id=3286&amp;catid=300\">TODAS LAS AULAS<\/a>\n    <\/li>\n<\/ul>\n<h2>DIMENSIONES<\/h2>\n<div>\n<p>El Aula del Futuro no es solo un espacio, sino que nace de la confluencia de varias dimensiones: el espacio f\u00edsico, el mobiliario existente en este lugar, los recursos tecnol\u00f3gicos disponibles, los recursos did\u00e1cticos que empleemos y las metodolog\u00edas activas que se vayan a utilizar.<br \/>Todo lo anterior tendr\u00e1 sentido teniendo en cuenta a los sujetos participantes en el proceso de ense\u00f1anza-aprendizaje: el profesorado, que realizar\u00e1 la funci\u00f3n de gu\u00eda y orientaci\u00f3n en el desarrollo de las actividades; y el alumnado, verdadero protagonista del proyecto y eje principal sobre el que se debe articular todo lo dem\u00e1s.<\/p>\n<\/div>\n<p><img decoding=\"async\" src=\"\/aulasdelfuturo\/wp-content\/uploads\/sites\/270\/2025\/07\/Dimensiones_Programa_AdFE_con_profesorado_y_alumnado1-f355c3da.webp\" alt=\"\"><\/p>\n<ul>\n<li>\n<p>        <img decoding=\"async\" src=\"\/aulasdelfuturo\/images\/Images\/AdF\/AdF%20Riolobos1.jpeg\" alt=\"\"><\/p>\n<h3>ESPACIO<\/h3>\n<div>\n<h4>El espacio debe adaptarse a la actividad de ense\u00f1anza-aprendizaje que se va a realizar y no al contrario. Un proyecto no tiene por qu\u00e9 contar con actividades en todas las zonas ni desarrollarse en un espacio restringido. La idea de <strong>adaptabilidad<\/strong> debe primar en todo momento: ubicaremos los espacios en funci\u00f3n de lo que requiera la tarea. Aun as\u00ed, es interesante <strong>diferenciar por zonas<\/strong> para que el trabajo del alumnado pueda desarrollarse de forma efectiva y para ello resulta muy interesante asignar espacios en funci\u00f3n del trabajo que queramos llevar a cabo, como puede verse en la siguiente descripci\u00f3n.<br \/><span style=\"font-weight: 400;\"><\/span><\/h4>\n<\/div>\n<\/li>\n<li>\n<p>        <img decoding=\"async\" src=\"\/aulasdelfuturo\/images\/mobilario\/FBlc4nzX0AIvZUV.jpg\" alt=\"\"><\/p>\n<h3>MOBILIARIO<\/h3>\n<div>\n<h4><strong>El mobiliario influye significativamente<\/strong> en la manera en c\u00f3mo se producen los aprendizajes. La forma en c\u00f3mo nos sentamos, c\u00f3mo compartimos los materiales o c\u00f3mo presentamos la informaci\u00f3n condicionar\u00e1n el modo en el cual el alumnado trabajar\u00e1 individual o colectivamente, m\u00e1s o menos motivado y con mayor o menor grado de concentraci\u00f3n e implicaci\u00f3n en la tarea.\u00a0<\/h4>\n<\/div>\n<\/li>\n<li>\n<p>        <img decoding=\"async\" src=\"\/aulasdelfuturo\/images\/Images\/Recursostecnologicos\/DSC_0161.jpg\" alt=\"\"><\/p>\n<h3>RECURSOS TECNOL\u00d3GICOS<\/h3>\n<div>\n<h4>Ni el espacios ni el mobiliario tendr\u00edan sentido sin unos recursos tecnol\u00f3gicos que permitan al alumno llevar a cabo las actividades planteadas. Gracias a ellos podemos llevar a cabo una mayor variedad de actividades y adaptar mejor el proceso de ense\u00f1anza &#8211; aprendizaje, pero<strong> en ning\u00fan momento deben ser el fin<\/strong> de las propuestas que se lleven a cabo en el Aula del Futuro. Un robot, un croma o un smartphone ser\u00e1n los medios que ayudar\u00e1n al alumnado a mejorar su pensamiento computacional, su expresi\u00f3n oral a la hora de grabar en v\u00eddeo o su competencia digital para utilizar una aplicaci\u00f3n.<\/h4>\n<\/div>\n<\/li>\n<li>\n<p>        <img decoding=\"async\" src=\"\/aulasdelfuturo\/images\/Images\/Recursostecnologicos\/IMG_1522.jpg\" alt=\"\"><\/p>\n<h3>RECURSOS DID\u00c1CTICOS<\/h3>\n<div>\n<h4>El Aula del Futuro ser\u00eda un espacio inerte, sin actividad, sin unos recursos did\u00e1cticos que le den la debida utilidad. Las zonas, el mobiliario, la tecnolog\u00eda\u2026 todo cobra sentido cuando existen unos <strong>recursos pedag\u00f3gicos que aprovechan todo su potencial<\/strong>. Es una constante retroalimentaci\u00f3n, ya que \u00e9stos se ven favorecidos por la disposici\u00f3n de las zonas de aprendizaje y viceversa. Porque lo verdaderamente importante es el proceso de aprendizaje del alumnado, que se encarna realmente en el proyecto que vayan a realizar y en las actividades que les permitan adquirir nuevas habilidades y competencias.<\/h4>\n<\/div>\n<\/li>\n<li>\n<p>        <img decoding=\"async\" src=\"\/aulasdelfuturo\/images\/Images\/metodologiasactivas\/Metodologas_activas.png\" alt=\"\"><\/p>\n<h3>METODOLOG\u00cdAS ACTIVAS<\/h3>\n<div>\n<h4>Como los eslabones que forman una cadena, una dimensi\u00f3n no tiene sentido si no viene acompa\u00f1ada del resto. Es el caso de las metodolog\u00edas activas, necesarias para que las actividades de ense\u00f1anza-aprendizaje se lleven a cabo de la <strong>forma m\u00e1s productiva posible en los espacios educativos<\/strong>, sobre todo enfocadas a la adquisici\u00f3n de las competencias clave. En este sentido, es importante no s\u00f3lo la formaci\u00f3n del profesorado, para que ampl\u00eden sus estrategias y sus recursos a la hora de organizar las tareas del aula, sino tambi\u00e9n del alumnado, que podr\u00e1 ir adapt\u00e1ndose de forma progresiva a las nuevas actividades de aprendizaje.<\/h4>\n<\/div>\n<\/li>\n<\/ul>\n<div>\n<h2>\u00bfAlguna pregunta, m\u00e1s informaci\u00f3n?<\/h2>\n<div>\n<p>Si desea m\u00e1s informaci\u00f3n sobre el programa\u00a0<strong>Aulas del Futuro en Extremadura<\/strong>, p\u00f3ngase en contacto con nosotros.<\/p>\n<p>Si su centro ya est\u00e1 participando en\u00a0<strong>Aulas del Futuro en Extremadura<\/strong>, use la mensajer\u00eda de Rayuela, por favor,<\/p>\n<\/div>\n<p><a href=\"mailto:aulasdelfuturo@educarex.es\">Contacto<\/a><\/p>\n<\/div>\n<p><!--more--><br \/>\n<!-- {\"type\":\"layout\",\"children\":[{\"type\":\"section\",\"props\":{\"animation\":\"fade\",\"animation_delay\":false,\"header_transparent_noplaceholder\":true,\"image\":\"wp-content\\\/uploads\\\/sites\\\/270\\\/2025\\\/07\\\/DIMESIONES-scaled.jpg\",\"image_effect\":\"parallax\",\"image_parallax_bgy\":\"20,0\",\"image_parallax_easing\":\"1\",\"image_position\":\"center-center\",\"image_size\":\"cover\",\"padding\":\"xlarge\",\"padding_remove_bottom\":false,\"style\":\"muted\",\"title_breakpoint\":\"xl\",\"title_position\":\"top-left\",\"title_rotation\":\"left\",\"vertical_align\":\"\",\"width\":\"xlarge\"},\"children\":[{\"type\":\"row\",\"props\":{\"layout\":\"3-4,1-4\",\"margin\":\"small\",\"margin_remove_top\":false},\"children\":[{\"type\":\"column\",\"props\":{\"image_position\":\"center-center\",\"position_sticky_breakpoint\":\"m\",\"width_small\":\"3-4\"},\"children\":[{\"type\":\"headline\",\"props\":{\"animation\":\"slide-left-small\",\"content\":\"\n\n<p><span style=\\\"text-shadow: 0 0 7px #000; color: #ffffff; font-family: 'arial black', 'avant garde';\\\"><strong>Aulas del Futuro en Extremadura (AdFE)<\\\/strong><\\\/span><\\\/p>\",\"margin\":\"small\",\"margin_remove_bottom\":true,\"position\":\"relative\",\"position_left\":\"10%\",\"position_z_index\":\"3\",\"title_element\":\"h1\",\"title_style\":\"heading-small\"}},{\"type\":\"headline\",\"props\":{\"animation\":\"slide-left-small\",\"content\":\"\n\n<p><span style=\\\"text-shadow: 0 0 7px #000; color: #ffffff; font-size: 14pt; font-family: 'arial black', 'avant garde';\\\"><strong><span style=\\\"font-size: 18pt;\\\">DIMENSIONES<\\\/span><\\\/strong><\\\/span><\\\/p>\",\"margin\":\"xlarge\",\"margin_remove_bottom\":true,\"margin_remove_top\":true,\"position\":\"relative\",\"position_left\":\"10%\",\"position_z_index\":\"3\",\"title_element\":\"h1\",\"title_style\":\"heading-small\"},\"modified\":\"2021-11-04T22:25:34.845Z\",\"name\":\"cabecerapaginasegundalinea\"}]},{\"type\":\"column\",\"props\":{\"image_position\":\"center-center\",\"position_sticky_breakpoint\":\"m\",\"width_small\":\"1-4\"},\"children\":[{\"type\":\"image\",\"props\":{\"animation\":\"scale-up\",\"css\":\".el-image { max-width: 45vw; }\",\"image\":\"wp-content\\\/uploads\\\/sites\\\/270\\\/2025\\\/07\\\/innovatedsolologolateral4-d8a6650c.webp\",\"image_alt\":\"Programa INNOVATED\",\"image_svg_color\":\"emphasis\",\"link\":\"https:\\\/\\\/innovated.educarex.es\\\/\",\"link_target\":\"blank\",\"margin\":\"default\",\"parallax_easing\":\"0.5\",\"parallax_y\":\"5vh,-7vh\",\"position_right\":\"0\",\"position_top\":\"0\",\"position_z_index\":\"0\",\"text_align\":\"right\"}}]}]}],\"name\":\"About\"},{\"type\":\"section\",\"props\":{\"image_position\":\"center-center\",\"style\":\"default\",\"title_breakpoint\":\"xl\",\"title_position\":\"top-left\",\"title_rotation\":\"left\",\"vertical_align\":\"\",\"width\":\"default\"},\"children\":[{\"type\":\"row\",\"children\":[{\"type\":\"column\",\"props\":{\"image_position\":\"center-center\",\"position_sticky_breakpoint\":\"m\",\"style\":\"tile-muted\",\"vertical_align\":\"middle\"},\"children\":[{\"type\":\"subnav\",\"props\":{\"margin\":\"default\",\"subnav_style\":\"divider\",\"text_align\":\"center\"},\"children\":[{\"type\":\"subnav_item\",\"props\":{\"content\":\"NORMATIVA\",\"link\":\"index.php?option=com_content&view=article&id=3278&catid=300\",\"link_target\":true}},{\"type\":\"subnav_item\",\"props\":{\"content\":\"ZONAS DE APRENDIZAJE\",\"link\":\"index.php?option=com_content&view=article&id=3273&catid=312\",\"link_target\":true}},{\"type\":\"subnav_item\",\"props\":{\"content\":\"TODAS LAS AULAS\",\"link\":\"index.php?option=com_content&view=article&id=3286&catid=300\",\"link_target\":true}}],\"modified\":\"2021-11-07T17:58:21.486Z\",\"name\":\"menusubnavegacion\"},{\"type\":\"headline\",\"props\":{\"content\":\"DIMENSIONES\",\"margin_remove_bottom\":true,\"maxwidth\":\"xlarge\",\"title_color\":\"warning\",\"title_decoration\":\"bullet\",\"title_element\":\"h2\",\"title_style\":\"h3\"},\"modified\":\"2021-11-07T18:12:09.189Z\",\"name\":\"apartadopaginaconcuadradillo\"},{\"type\":\"text\",\"props\":{\"column_breakpoint\":\"m\",\"content\":\"\n\n<p>El Aula del Futuro no es solo un espacio, sino que nace de la confluencia de varias dimensiones: el espacio f\\u00edsico, el mobiliario existente en este lugar, los recursos tecnol\\u00f3gicos disponibles, los recursos did\\u00e1cticos que empleemos y las metodolog\\u00edas activas que se vayan a utilizar.<br \\\/>Todo lo anterior tendr\\u00e1 sentido teniendo en cuenta a los sujetos participantes en el proceso de ense\\u00f1anza-aprendizaje: el profesorado, que realizar\\u00e1 la funci\\u00f3n de gu\\u00eda y orientaci\\u00f3n en el desarrollo de las actividades; y el alumnado, verdadero protagonista del proyecto y eje principal sobre el que se debe articular todo lo dem\\u00e1s.<\\\/p>\",\"margin\":\"medium\",\"text_style\":\"lead\"},\"modified\":\"2021-11-08T19:17:31.656Z\",\"name\":\"textonormalpagina\"},{\"type\":\"image\",\"props\":{\"animation\":\"parallax\",\"image\":\"wp-content\\\/uploads\\\/sites\\\/270\\\/2025\\\/07\\\/Dimensiones_Programa_AdFE_con_profesorado_y_alumnado1-f355c3da.webp\",\"image_border\":\"rounded\",\"image_svg_color\":\"emphasis\",\"image_width\":\"800\",\"margin\":\"xlarge\",\"margin_remove_top\":true,\"parallax_easing\":\"1\",\"parallax_y\":\"-5vh,3vh\",\"position\":\"relative\",\"position_right\":\"90\",\"position_top\":\"2vh\",\"text_align\":\"center\",\"text_align_breakpoint\":\"m\",\"text_align_fallback\":\"right\"}},{\"type\":\"accordion\",\"props\":{\"collapsible\":true,\"content_column_breakpoint\":\"m\",\"content_dropcap\":false,\"image_align\":\"left\",\"image_grid_breakpoint\":\"m\",\"image_grid_width\":\"1-2\",\"image_svg_color\":\"emphasis\",\"link_fullwidth\":false,\"link_style\":\"default\",\"link_target\":false,\"link_text\":\"Read more\",\"multiple\":true,\"show_image\":true,\"show_link\":true},\"children\":[{\"type\":\"accordion_item\",\"props\":{\"content\":\"\n\n<h4>El espacio debe adaptarse a la actividad de ense\\u00f1anza-aprendizaje que se va a realizar y no al contrario. Un proyecto no tiene por qu\\u00e9 contar con actividades en todas las zonas ni desarrollarse en un espacio restringido. La idea de <strong>adaptabilidad<\\\/strong> debe primar en todo momento: ubicaremos los espacios en funci\\u00f3n de lo que requiera la tarea. Aun as\\u00ed, es interesante <strong>diferenciar por zonas<\\\/strong> para que el trabajo del alumnado pueda desarrollarse de forma efectiva y para ello resulta muy interesante asignar espacios en funci\\u00f3n del trabajo que queramos llevar a cabo, como puede verse en la siguiente descripci\\u00f3n.<br \\\/><span style=\\\"font-weight: 400;\\\"><\\\/span><\\\/h4>\",\"image\":\"images\\\/Images\\\/AdF\\\/AdF Riolobos1.jpeg\",\"title\":\"ESPACIO\"}},{\"type\":\"accordion_item\",\"props\":{\"content\":\"\n\n<h4><strong>El mobiliario influye significativamente<\\\/strong> en la manera en c\\u00f3mo se producen los aprendizajes. La forma en c\\u00f3mo nos sentamos, c\\u00f3mo compartimos los materiales o c\\u00f3mo presentamos la informaci\\u00f3n condicionar\\u00e1n el modo en el cual el alumnado trabajar\\u00e1 individual o colectivamente, m\\u00e1s o menos motivado y con mayor o menor grado de concentraci\\u00f3n e implicaci\\u00f3n en la tarea.\\u00a0<\\\/h4>\",\"image\":\"images\\\/mobilario\\\/FBlc4nzX0AIvZUV.jpg\",\"title\":\"MOBILIARIO\"}},{\"type\":\"accordion_item\",\"props\":{\"content\":\"\n\n<h4>Ni el espacios ni el mobiliario tendr\\u00edan sentido sin unos recursos tecnol\\u00f3gicos que permitan al alumno llevar a cabo las actividades planteadas. Gracias a ellos podemos llevar a cabo una mayor variedad de actividades y adaptar mejor el proceso de ense\\u00f1anza - aprendizaje, pero<strong> en ning\\u00fan momento deben ser el fin<\\\/strong> de las propuestas que se lleven a cabo en el Aula del Futuro. Un robot, un croma o un smartphone ser\\u00e1n los medios que ayudar\\u00e1n al alumnado a mejorar su pensamiento computacional, su expresi\\u00f3n oral a la hora de grabar en v\\u00eddeo o su competencia digital para utilizar una aplicaci\\u00f3n.<\\\/h4>\",\"image\":\"images\\\/Images\\\/Recursostecnologicos\\\/DSC_0161.jpg\",\"title\":\"RECURSOS TECNOL\\u00d3GICOS\"}},{\"type\":\"accordion_item\",\"props\":{\"content\":\"\n\n<h4>El Aula del Futuro ser\\u00eda un espacio inerte, sin actividad, sin unos recursos did\\u00e1cticos que le den la debida utilidad. Las zonas, el mobiliario, la tecnolog\\u00eda\\u2026 todo cobra sentido cuando existen unos <strong>recursos pedag\\u00f3gicos que aprovechan todo su potencial<\\\/strong>. Es una constante retroalimentaci\\u00f3n, ya que \\u00e9stos se ven favorecidos por la disposici\\u00f3n de las zonas de aprendizaje y viceversa. Porque lo verdaderamente importante es el proceso de aprendizaje del alumnado, que se encarna realmente en el proyecto que vayan a realizar y en las actividades que les permitan adquirir nuevas habilidades y competencias.<\\\/h4>\",\"image\":\"images\\\/Images\\\/Recursostecnologicos\\\/IMG_1522.jpg\",\"title\":\"RECURSOS DID\\u00c1CTICOS\"}},{\"type\":\"accordion_item\",\"props\":{\"content\":\"\n\n<h4>Como los eslabones que forman una cadena, una dimensi\\u00f3n no tiene sentido si no viene acompa\\u00f1ada del resto. Es el caso de las metodolog\\u00edas activas, necesarias para que las actividades de ense\\u00f1anza-aprendizaje se lleven a cabo de la <strong>forma m\\u00e1s productiva posible en los espacios educativos<\\\/strong>, sobre todo enfocadas a la adquisici\\u00f3n de las competencias clave. En este sentido, es importante no s\\u00f3lo la formaci\\u00f3n del profesorado, para que ampl\\u00eden sus estrategias y sus recursos a la hora de organizar las tareas del aula, sino tambi\\u00e9n del alumnado, que podr\\u00e1 ir adapt\\u00e1ndose de forma progresiva a las nuevas actividades de aprendizaje.<\\\/h4>\",\"image\":\"images\\\/Images\\\/metodologiasactivas\\\/Metodologas_activas.png\",\"title\":\"METODOLOG\\u00cdAS ACTIVAS\"}}]}]}]}]},{\"type\":\"section\",\"props\":{\"image\":\"wp-content\\\/uploads\\\/sites\\\/270\\\/2025\\\/07\\\/bottom-bg-3.svg\",\"image_effect\":\"parallax\",\"image_parallax_bgx\":\"-120,-120\",\"image_parallax_bgy\":\"420,120\",\"image_parallax_easing\":\"0.5\",\"image_position\":\"bottom-left\",\"image_size\":\"contain\",\"style\":\"default\",\"title_breakpoint\":\"xl\",\"title_position\":\"top-left\",\"title_rotation\":\"left\",\"vertical_align\":\"\",\"width\":\"default\"},\"children\":[{\"type\":\"row\",\"children\":[{\"type\":\"column\",\"props\":{\"image_position\":\"center-center\",\"position_sticky_breakpoint\":\"m\"},\"children\":[{\"type\":\"panel\",\"props\":{\"block_align\":\"center\",\"content\":\"\n\n<p>Si desea m\\u00e1s informaci\\u00f3n sobre el programa\\u00a0<strong>Aulas del Futuro en Extremadura<\\\/strong>, p\\u00f3ngase en contacto con nosotros.<\\\/p>\\n\n\n<p>Si su centro ya est\\u00e1 participando en\\u00a0<strong>Aulas del Futuro en Extremadura<\\\/strong>, use la mensajer\\u00eda de Rayuela, por favor,<\\\/p>\",\"content_column_breakpoint\":\"m\",\"icon_width\":80,\"image_align\":\"top\",\"image_grid_breakpoint\":\"m\",\"image_grid_width\":\"1-2\",\"image_svg_color\":\"emphasis\",\"link\":\"mailto:aulasdelfuturo@educarex.es\",\"link_margin\":\"medium\",\"link_style\":\"default\",\"link_text\":\"Contacto\",\"margin\":\"default\",\"maxwidth\":\"2xlarge\",\"meta_align\":\"below-title\",\"meta_element\":\"div\",\"meta_style\":\"text-meta\",\"text_align\":\"center\",\"title\":\"\\u00bfAlguna pregunta, m\\u00e1s informaci\\u00f3n?\",\"title_align\":\"top\",\"title_element\":\"h2\",\"title_grid_breakpoint\":\"m\",\"title_grid_width\":\"1-2\",\"title_hover_style\":\"reset\",\"title_style\":\"h2\"},\"modified\":\"2021-11-07T16:49:26.584Z\",\"name\":\"contacto\"}]}]}]}],\"version\":\"4.5.20\"} --><\/p>\n","protected":false},"excerpt":{"rendered":"<p>Aulas del Futuro en Extremadura (AdFE) DIMENSIONES NORMATIVA ZONAS DE APRENDIZAJE TODAS LAS AULAS DIMENSIONES El Aula del Futuro no es solo un espacio, sino que nace de la confluencia [&hellip;]<\/p>\n","protected":false},"author":10264,"featured_media":1360,"parent":0,"menu_order":0,"comment_status":"closed","ping_status":"closed","template":"","meta":{"_uag_custom_page_level_css":"","_editorskit_title_hidden":false,"_editorskit_reading_time":0,"_editorskit_is_block_options_detached":false,"_editorskit_block_options_position":"{}","footnotes":""},"class_list":["post-1402","page","type-page","status-publish","has-post-thumbnail","hentry"],"uagb_featured_image_src":{"full":["https:\/\/portaleseducativos.educarex.es\/aulasdelfuturo\/wp-content\/uploads\/sites\/270\/2021\/10\/innovatedsolologolateral4.png",0,0,false],"thumbnail":["https:\/\/portaleseducativos.educarex.es\/aulasdelfuturo\/wp-content\/uploads\/sites\/270\/2021\/10\/innovatedsolologolateral4.png",1,1,false],"medium":["https:\/\/portaleseducativos.educarex.es\/aulasdelfuturo\/wp-content\/uploads\/sites\/270\/2021\/10\/innovatedsolologolateral4.png",1,1,false],"medium_large":["https:\/\/portaleseducativos.educarex.es\/aulasdelfuturo\/wp-content\/uploads\/sites\/270\/2021\/10\/innovatedsolologolateral4.png",1,1,false],"large":["https:\/\/portaleseducativos.educarex.es\/aulasdelfuturo\/wp-content\/uploads\/sites\/270\/2021\/10\/innovatedsolologolateral4.png",1,1,false],"1536x1536":["https:\/\/portaleseducativos.educarex.es\/aulasdelfuturo\/wp-content\/uploads\/sites\/270\/2021\/10\/innovatedsolologolateral4.png",1,1,false],"2048x2048":["https:\/\/portaleseducativos.educarex.es\/aulasdelfuturo\/wp-content\/uploads\/sites\/270\/2021\/10\/innovatedsolologolateral4.png",1,1,false]},"uagb_author_info":{"display_name":"Francisco Javier Masero Su\u00e1rez","author_link":"https:\/\/portaleseducativos.educarex.es\/aulasdelfuturo\/author\/fmasero\/"},"uagb_comment_info":0,"uagb_excerpt":"Aulas del Futuro en Extremadura (AdFE) DIMENSIONES NORMATIVA ZONAS DE APRENDIZAJE TODAS LAS AULAS DIMENSIONES El Aula del Futuro no es solo un espacio, sino que nace de la confluencia [&hellip;]","_links":{"self":[{"href":"https:\/\/portaleseducativos.educarex.es\/aulasdelfuturo\/wp-json\/wp\/v2\/pages\/1402","targetHints":{"allow":["GET"]}}],"collection":[{"href":"https:\/\/portaleseducativos.educarex.es\/aulasdelfuturo\/wp-json\/wp\/v2\/pages"}],"about":[{"href":"https:\/\/portaleseducativos.educarex.es\/aulasdelfuturo\/wp-json\/wp\/v2\/types\/page"}],"author":[{"embeddable":true,"href":"https:\/\/portaleseducativos.educarex.es\/aulasdelfuturo\/wp-json\/wp\/v2\/users\/10264"}],"replies":[{"embeddable":true,"href":"https:\/\/portaleseducativos.educarex.es\/aulasdelfuturo\/wp-json\/wp\/v2\/comments?post=1402"}],"version-history":[{"count":3,"href":"https:\/\/portaleseducativos.educarex.es\/aulasdelfuturo\/wp-json\/wp\/v2\/pages\/1402\/revisions"}],"predecessor-version":[{"id":1743,"href":"https:\/\/portaleseducativos.educarex.es\/aulasdelfuturo\/wp-json\/wp\/v2\/pages\/1402\/revisions\/1743"}],"wp:featuredmedia":[{"embeddable":true,"href":"https:\/\/portaleseducativos.educarex.es\/aulasdelfuturo\/wp-json\/wp\/v2\/media\/1360"}],"wp:attachment":[{"href":"https:\/\/portaleseducativos.educarex.es\/aulasdelfuturo\/wp-json\/wp\/v2\/media?parent=1402"}],"curies":[{"name":"wp","href":"https:\/\/api.w.org\/{rel}","templated":true}]}}