{"id":1351,"date":"2018-02-14T14:10:24","date_gmt":"2018-02-14T13:10:24","guid":{"rendered":"https:\/\/portaleseducativos.educarex.es\/formacion\/formacionfdirectivasite\/"},"modified":"2025-12-01T13:27:13","modified_gmt":"2025-12-01T12:27:13","slug":"formacionfdirectivasite","status":"publish","type":"page","link":"https:\/\/portaleseducativos.educarex.es\/formacion\/formacionfdirectivasite\/","title":{"rendered":"formacionfdirectivasite"},"content":{"rendered":"<ul>\n<li>\n        <a href=\"https:\/\/portaleseducativos.educarex.es\/formacion\/formaciondistanciasite\/\">FORMACI\u00d3N A DISTANCIA<\/a>\n    <\/li>\n<li>\n        <a href=\"https:\/\/portaleseducativos.educarex.es\/formacion\/formaciongrupossite\/\">G. TRABAJO Y SEMINARIOS<\/a>\n    <\/li>\n<li>\n        <a href=\"https:\/\/portaleseducativos.educarex.es\/formacion\/formacionpformacionsite\/\">PFC<\/a>\n    <\/li>\n<li>\n        <a href=\"https:\/\/portaleseducativos.educarex.es\/formacion\/igualdad\/\">IGUALDAD<\/a>\n    <\/li>\n<li>\n        <a href=\"https:\/\/portaleseducativos.educarex.es\/formacion\/gradoymastersite\/\">GRADO Y M\u00c1STER<\/a>\n    <\/li>\n<li>\n        <a href=\"https:\/\/portaleseducativos.educarex.es\/formacion\/ayudasindividualizadassite\/\">AYUDAS<\/a>\n    <\/li>\n<li>\n        <a href=\"https:\/\/portaleseducativos.educarex.es\/formacion\/estanciasformativassite\/\">ESTANCIAS FORMATIVAS EN EMPRESAS<\/a>\n    <\/li>\n<li>\n        <a href=\"https:\/\/portaleseducativos.educarex.es\/formacion\/seleccion-materiales23\/\">MATERIALES DIGITALES<\/a>\n    <\/li>\n<li>\n        <a href=\"https:\/\/portaleseducativos.educarex.es\/formacion\/convenios\/\">CONVENIOS<\/a>\n    <\/li>\n<\/ul>\n<p><img decoding=\"async\" src=\"\/formacion\/wp-content\/uploads\/sites\/269\/2025\/07\/funciondirectiva-8b8373e7.jpeg\" alt=\"\"><\/p>\n<div>\n<p style=\"text-align: justify;\">La normativa indica que los docentes que deseen acceder a la funci\u00f3n directiva deben poseer\u00a0una formaci\u00f3n. Para cubrir dicha necesidad, se convoca anualmente un curso para dotar a los participantes de las competencias gen\u00e9ricas y espec\u00edficas que, orientadas hacia las actividades directivas, tengan utilidad pr\u00e1ctica en entornos educativos.<\/p>\n<p style=\"text-align: justify;\">La adquisici\u00f3n de las competencias gen\u00e9ricas (atribuciones, habilidades y actitudes m\u00e1s valoradas y t\u00edpicas en el ejercicio de la funci\u00f3n directiva) permitir\u00e1 una formaci\u00f3n integral a lo largo del proceso de formaci\u00f3n. En particular, estas competencias comprender\u00e1n, entre otras, la capacidad de gestionar informaci\u00f3n, de analizar, de razonar cr\u00edticamente, de comunicar de forma oral y escrita, as\u00ed como de negociar, conciliar y tomar decisiones.<\/p>\n<p style=\"text-align: justify;\">Las competencias espec\u00edficas estar\u00e1n relacionadas con el conjunto de conocimientos te\u00f3ricos y pr\u00e1cticos necesarios para poder ejercer las funciones propias de los equipos directivos.<\/p>\n<\/div>\n<hr>\n<ul>\n<li>\n<p>        <img decoding=\"async\" src=\"\/formacion\/wp-content\/uploads\/sites\/269\/2025\/10\/desarrollo-de-la-funcion-directiva25_26-scaled.png\" alt=\"\"><\/p>\n<div>\n<p style=\"text-align: center;\"><span><strong><a href=\"https:\/\/formacion.educarex.es\/images\/FUNCIONDIRECTIVA\/25-26\/D%C3%ADptico_25_26_DESARROLLO_de_Funci%C3%B3n_Directiva_120h.docx.pdf\" target=\"_blank\" class=\"wf_file\" rel=\"noopener\"><span class=\"wf_file_text\">D\u00edptico<\/span><\/a><\/strong><\/span><\/p>\n<p style=\"text-align: center;\"><span><strong><a href=\"https:\/\/forms.gle\/Lfi7WzGYDj381wAd6\" target=\"_blank\" rel=\"nofollow noopener\">Inscripci\u00f3n<\/a>\u00a0<\/strong><\/span><\/p>\n<p style=\"text-align: center;\"><span><strong>(a partir de las 12h del d\u00eda 7 hasta las 00:00 del d\u00eda 19 de octubre)<\/strong><\/span><\/p>\n<p><span><a href=\"https:\/\/portaleseducativos.educarex.es\/formacion\/wp-content\/uploads\/sites\/269\/2025\/12\/Lista_admision_Desarrollo_-.pdf\"><strong><span class=\"wf_file_text\">Lista provisional de admisi\u00f3n<\/span><\/strong>:<\/a> 27 de octubre<\/span><\/p>\n<p><span><a href=\"https:\/\/portaleseducativos.educarex.es\/formacion\/wp-content\/uploads\/sites\/269\/2025\/12\/Lista_exclusion_Desarrollo.pdf\"><strong><span class=\"wf_file_text\">Lista provisional de exclusi\u00f3n<\/span><\/strong>:<\/a> 27 de octubre.<\/span><\/p>\n<p><span><strong>Reclamaciones<\/strong>: 28 y 29 de octubre a trav\u00e9s del correo atd6.sife@educarex.es<\/span><\/p>\n<p><span><a href=\"https:\/\/portaleseducativos.educarex.es\/formacion\/wp-content\/uploads\/sites\/269\/2025\/12\/Lista_admision_definitiva_Desarrollo_1.pdf\"><strong><span class=\"wf_file_text\">Lista definitiva de admisi\u00f3n<\/span><\/strong>:<\/a> 31 de octubre<\/span><\/p>\n<p><span><a href=\"https:\/\/portaleseducativos.educarex.es\/formacion\/wp-content\/uploads\/sites\/269\/2025\/12\/Lista_exclusion_definitiva_Desarrollo_-.pdf\"><strong><span class=\"wf_file_text\">Lista definitiva de exclusi\u00f3n<\/span><\/strong>:<\/a> 31 de octubre<\/span><\/p>\n<\/div>\n<\/li>\n<li>\n<p>        <img decoding=\"async\" src=\"\/formacion\/wp-content\/uploads\/sites\/269\/2025\/10\/actualizacion-de-funcion-directiva-25_26-scaled.png\" alt=\"\"><\/p>\n<div>\n<p style=\"text-align: center;\"><span><strong><a href=\"https:\/\/formacion.educarex.es\/images\/FUNCIONDIRECTIVA\/25-26\/D%C3%ADptico_25_26_Actualizaci%C3%B3n_Funci%C3%B3n_Directiva_60h_.docx.pdf\" target=\"_blank\" class=\"wf_file\" rel=\"noopener\"><span class=\"wf_file_text\">D\u00edptico<\/span><\/a><\/strong><\/span><\/p>\n<p style=\"text-align: center;\"><span><strong><a href=\"https:\/\/forms.gle\/PNW3LXxmAaDQh8kk8\" target=\"_blank\" rel=\"nofollow noopener\">Inscripci\u00f3n\u00a0<\/a><\/strong><\/span><\/p>\n<p style=\"text-align: center;\"><span><strong>(a partir de las 12h del d\u00eda 7 hasta las 00:00 del d\u00eda 19 de octubre)<\/strong><\/span><\/p>\n<p><span><a href=\"https:\/\/portaleseducativos.educarex.es\/formacion\/wp-content\/uploads\/sites\/269\/2025\/12\/Lista_admision_Actualizacion_-_Admision2526.pdf\"><strong><span class=\"wf_file_text\">Lista provisional de admisi\u00f3n<\/span><\/strong>:<\/a> 24 de octubre<\/span><\/p>\n<p><span><a href=\"https:\/\/portaleseducativos.educarex.es\/formacion\/wp-content\/uploads\/sites\/269\/2025\/12\/Lista_de_exclusion_Actualizacion_-_Exclusion25-26.pdf\"><strong><span class=\"wf_file_text\">Lista provisional de exclusi\u00f3n<\/span>:<\/strong><\/a>\u00a0 24 de octubre<\/span><\/p>\n<p><span><strong>Reclamaciones<\/strong>: 28 y 29 de octubre a trav\u00e9s del correo\u00a0<a href=\"mailto:atd6.sife@educarex.es\">atd6.sife@educarex.es<\/a><\/span><\/p>\n<p><span><a href=\"https:\/\/portaleseducativos.educarex.es\/formacion\/wp-content\/uploads\/sites\/269\/2025\/12\/Lista_admision_definitiva_Actualizacion_1.pdf\"><strong><span class=\"wf_file_text\">Lista definitiva de admisi\u00f3n<\/span><\/strong>:<\/a> 31 de octubre<\/span><\/p>\n<p><span><a href=\"https:\/\/portaleseducativos.educarex.es\/formacion\/wp-content\/uploads\/sites\/269\/2025\/12\/Lista_exclusion_definitiva_Actualizacion.pdf\"><strong><span class=\"wf_file_text\">Lista definitiva de exclusi\u00f3n<\/span><\/strong>:<\/a> 31 de octubre<\/span><\/p>\n<\/div>\n<\/li>\n<\/ul>\n<hr>\n<p><p>\n        <a href=\"https:\/\/rfp.educarex.es\/\">Consulta tu historial formativo<\/a>\n    <\/p>\n<\/p>\n<p><p>\n        <a href=\"https:\/\/rfp.educarex.es\/planformacion\">Buscar actividades<\/a>\n    <\/p>\n<\/p>\n<p><!--more--><br \/>\n<!-- {\"type\":\"layout\",\"children\":[{\"type\":\"section\",\"props\":{\"height\":\"pixels\",\"height_viewport\":340,\"image\":\"wp-content\\\/uploads\\\/sites\\\/269\\\/2025\\\/06\\\/1196x291_formacion_p_4-1.png\",\"image_position\":\"center-center\",\"padding\":\"large\",\"style\":\"default\",\"text_color\":\"light\",\"title_breakpoint\":\"xl\",\"title_position\":\"top-left\",\"title_rotation\":\"left\",\"vertical_align\":\"middle\",\"width\":\"large\"},\"children\":[{\"type\":\"row\",\"children\":[{\"type\":\"column\",\"props\":{\"image_position\":\"center-center\",\"position_sticky_breakpoint\":\"m\"}}]}]},{\"type\":\"section\",\"props\":{\"image_position\":\"center-center\",\"style\":\"default\",\"title_breakpoint\":\"xl\",\"title_position\":\"top-left\",\"title_rotation\":\"left\",\"vertical_align\":\"middle\",\"width\":\"default\"},\"children\":[{\"type\":\"row\",\"children\":[{\"type\":\"column\",\"props\":{\"image_position\":\"center-center\",\"position_sticky_breakpoint\":\"m\"},\"children\":[{\"type\":\"subnav\",\"children\":[{\"type\":\"subnav_item\",\"props\":{\"content\":\"FORMACI\\u00d3N A DISTANCIA\",\"link\":\"https:\\\/\\\/portaleseducativos.educarex.es\\\/formacion\\\/formaciondistanciasite\\\/\",\"link_target\":true}},{\"type\":\"subnav_item\",\"props\":{\"content\":\"G. TRABAJO Y SEMINARIOS\",\"link\":\"https:\\\/\\\/portaleseducativos.educarex.es\\\/formacion\\\/formaciongrupossite\\\/\",\"link_target\":true}},{\"type\":\"subnav_item\",\"props\":{\"content\":\"PFC\",\"link\":\"https:\\\/\\\/portaleseducativos.educarex.es\\\/formacion\\\/formacionpformacionsite\\\/\",\"link_target\":true}},{\"type\":\"subnav_item\",\"props\":{\"content\":\"IGUALDAD\",\"link\":\"https:\\\/\\\/portaleseducativos.educarex.es\\\/formacion\\\/igualdad\\\/\",\"link_target\":true}},{\"type\":\"subnav_item\",\"props\":{\"content\":\"GRADO Y M\\u00c1STER\",\"link\":\"https:\\\/\\\/portaleseducativos.educarex.es\\\/formacion\\\/gradoymastersite\\\/\",\"link_target\":true}},{\"type\":\"subnav_item\",\"props\":{\"content\":\"AYUDAS\",\"link\":\"https:\\\/\\\/portaleseducativos.educarex.es\\\/formacion\\\/ayudasindividualizadassite\\\/\",\"link_target\":true}},{\"type\":\"subnav_item\",\"props\":{\"content\":\"ESTANCIAS FORMATIVAS EN EMPRESAS\",\"link\":\"https:\\\/\\\/portaleseducativos.educarex.es\\\/formacion\\\/estanciasformativassite\\\/\",\"link_target\":true}},{\"type\":\"subnav_item\",\"props\":{\"content\":\"MATERIALES DIGITALES\",\"link\":\"https:\\\/\\\/portaleseducativos.educarex.es\\\/formacion\\\/seleccion-materiales23\\\/\",\"link_target\":true}},{\"type\":\"subnav_item\",\"props\":{\"content\":\"CONVENIOS\",\"link\":\"https:\\\/\\\/portaleseducativos.educarex.es\\\/formacion\\\/convenios\\\/\",\"link_target\":true}}],\"props\":{\"subnav_style\":\"divider\",\"text_align\":\"center\"}}]}]}]},{\"type\":\"section\",\"props\":{\"image_position\":\"center-center\",\"style\":\"default\",\"title_breakpoint\":\"xl\",\"title_position\":\"top-left\",\"title_rotation\":\"left\",\"vertical_align\":\"middle\",\"width\":\"default\"},\"children\":[{\"type\":\"row\",\"props\":{\"layout\":\"1-2,1-2\"},\"children\":[{\"type\":\"column\",\"props\":{\"image_position\":\"center-center\",\"position_sticky_breakpoint\":\"m\",\"width_medium\":\"1-2\"},\"children\":[{\"type\":\"image\",\"props\":{\"image\":\"wp-content\\\/uploads\\\/sites\\\/269\\\/2025\\\/07\\\/funciondirectiva-8b8373e7.jpeg\",\"image_svg_color\":\"emphasis\",\"margin\":\"default\"}}]},{\"type\":\"column\",\"props\":{\"image_position\":\"center-center\",\"position_sticky_breakpoint\":\"m\",\"width_medium\":\"1-2\"},\"children\":[{\"type\":\"text\",\"props\":{\"column_breakpoint\":\"m\",\"content\":\"\n\n<p style=\\\"text-align: justify;\\\">La normativa indica que los docentes que deseen acceder a la funci\\u00f3n directiva deben poseer\\u00a0una formaci\\u00f3n. Para cubrir dicha necesidad, se convoca anualmente un curso para dotar a los participantes de las competencias gen\\u00e9ricas y espec\\u00edficas que, orientadas hacia las actividades directivas, tengan utilidad pr\\u00e1ctica en entornos educativos.<\\\/p>\\n\n\n<p style=\\\"text-align: justify;\\\">La adquisici\\u00f3n de las competencias gen\\u00e9ricas (atribuciones, habilidades y actitudes m\\u00e1s valoradas y t\\u00edpicas en el ejercicio de la funci\\u00f3n directiva) permitir\\u00e1 una formaci\\u00f3n integral a lo largo del proceso de formaci\\u00f3n. En particular, estas competencias comprender\\u00e1n, entre otras, la capacidad de gestionar informaci\\u00f3n, de analizar, de razonar cr\\u00edticamente, de comunicar de forma oral y escrita, as\\u00ed como de negociar, conciliar y tomar decisiones.<\\\/p>\\n\n\n<p style=\\\"text-align: justify;\\\">Las competencias espec\\u00edficas estar\\u00e1n relacionadas con el conjunto de conocimientos te\\u00f3ricos y pr\\u00e1cticos necesarios para poder ejercer las funciones propias de los equipos directivos.<\\\/p>\",\"margin\":\"default\"}}]}]}]},{\"type\":\"section\",\"props\":{\"image_position\":\"center-center\",\"style\":\"default\",\"title_breakpoint\":\"xl\",\"title_position\":\"top-left\",\"title_rotation\":\"left\",\"vertical_align\":\"middle\",\"width\":\"default\"},\"children\":[{\"type\":\"row\",\"props\":{\"column_gap\":\"medium\"},\"children\":[{\"type\":\"column\",\"props\":{\"image_position\":\"center-center\",\"position_sticky_breakpoint\":\"m\"},\"children\":[{\"type\":\"divider\",\"props\":{\"divider_element\":\"hr\"}},{\"type\":\"grid\",\"props\":{\"content_column_breakpoint\":\"m\",\"filter_align\":\"left\",\"filter_all\":true,\"filter_grid_breakpoint\":\"m\",\"filter_grid_width\":\"auto\",\"filter_position\":\"top\",\"filter_style\":\"tab\",\"grid_column_align\":true,\"grid_default\":\"1\",\"grid_divider\":true,\"grid_medium\":\"3\",\"grid_parallax\":\"0\",\"grid_parallax_justify\":false,\"grid_row_align\":true,\"icon_width\":80,\"image_align\":\"top\",\"image_grid_breakpoint\":\"m\",\"image_grid_width\":\"1-2\",\"image_svg_color\":\"emphasis\",\"item_animation\":true,\"lightbox_bg_close\":true,\"link_style\":\"default\",\"link_text\":\"Read more\",\"margin\":\"default\",\"meta_align\":\"below-title\",\"meta_element\":\"div\",\"meta_style\":\"text-meta\",\"show_content\":true,\"show_hover_image\":true,\"show_hover_video\":true,\"show_image\":true,\"show_link\":true,\"show_meta\":true,\"show_title\":true,\"show_video\":true,\"title_align\":\"top\",\"title_element\":\"h3\",\"title_grid_breakpoint\":\"m\",\"title_grid_width\":\"1-2\",\"title_hover_style\":\"reset\"},\"children\":[{\"type\":\"grid_item\",\"props\":{\"content\":\"\n\n<p style=\\\"text-align: center;\\\"><span><strong><a href=\\\"https:\\\/\\\/formacion.educarex.es\\\/images\\\/FUNCIONDIRECTIVA\\\/25-26\\\/D%C3%ADptico_25_26_DESARROLLO_de_Funci%C3%B3n_Directiva_120h.docx.pdf\\\" target=\\\"_blank\\\" class=\\\"wf_file\\\" rel=\\\"noopener\\\"><span class=\\\"wf_file_text\\\">D\\u00edptico<\\\/span><\\\/a><\\\/strong><\\\/span><\\\/p>\\n\n\n<p style=\\\"text-align: center;\\\"><span><strong><a href=\\\"https:\\\/\\\/forms.gle\\\/Lfi7WzGYDj381wAd6\\\" target=\\\"_blank\\\" rel=\\\"nofollow noopener\\\">Inscripci\\u00f3n<\\\/a>\\u00a0<\\\/strong><\\\/span><\\\/p>\\n\n\n<p style=\\\"text-align: center;\\\"><span><strong>(a partir de las 12h del d\\u00eda 7 hasta las 00:00 del d\\u00eda 19 de octubre)<\\\/strong><\\\/span><\\\/p>\\n\n\n<p><span><a href=\\\"https:\\\/\\\/portaleseducativos.educarex.es\\\/formacion\\\/wp-content\\\/uploads\\\/sites\\\/269\\\/2025\\\/12\\\/Lista_admision_Desarrollo_-.pdf\\\"><strong><span class=\\\"wf_file_text\\\">Lista provisional de admisi\\u00f3n<\\\/span><\\\/strong>:<\\\/a> 27 de octubre<\\\/span><\\\/p>\\n\n\n<p><span><a href=\\\"https:\\\/\\\/portaleseducativos.educarex.es\\\/formacion\\\/wp-content\\\/uploads\\\/sites\\\/269\\\/2025\\\/12\\\/Lista_exclusion_Desarrollo.pdf\\\"><strong><span class=\\\"wf_file_text\\\">Lista provisional de exclusi\\u00f3n<\\\/span><\\\/strong>:<\\\/a> 27 de octubre.<\\\/span><\\\/p>\\n\n\n<p><span><strong>Reclamaciones<\\\/strong>: 28 y 29 de octubre a trav\\u00e9s del correo atd6.sife@educarex.es<\\\/span><\\\/p>\\n\n\n<p><span><a href=\\\"https:\\\/\\\/portaleseducativos.educarex.es\\\/formacion\\\/wp-content\\\/uploads\\\/sites\\\/269\\\/2025\\\/12\\\/Lista_admision_definitiva_Desarrollo_1.pdf\\\"><strong><span class=\\\"wf_file_text\\\">Lista definitiva de admisi\\u00f3n<\\\/span><\\\/strong>:<\\\/a> 31 de octubre<\\\/span><\\\/p>\\n\n\n<p><span><a href=\\\"https:\\\/\\\/portaleseducativos.educarex.es\\\/formacion\\\/wp-content\\\/uploads\\\/sites\\\/269\\\/2025\\\/12\\\/Lista_exclusion_definitiva_Desarrollo_-.pdf\\\"><strong><span class=\\\"wf_file_text\\\">Lista definitiva de exclusi\\u00f3n<\\\/span><\\\/strong>:<\\\/a> 31 de octubre<\\\/span><\\\/p>\",\"image\":\"wp-content\\\/uploads\\\/sites\\\/269\\\/2025\\\/10\\\/desarrollo-de-la-funcion-directiva25_26-scaled.png\",\"title\":\"\"}},{\"type\":\"grid_item\",\"props\":{\"content\":\"\n\n<p style=\\\"text-align: center;\\\"><span><strong><a href=\\\"https:\\\/\\\/formacion.educarex.es\\\/images\\\/FUNCIONDIRECTIVA\\\/25-26\\\/D%C3%ADptico_25_26_Actualizaci%C3%B3n_Funci%C3%B3n_Directiva_60h_.docx.pdf\\\" target=\\\"_blank\\\" class=\\\"wf_file\\\" rel=\\\"noopener\\\"><span class=\\\"wf_file_text\\\">D\\u00edptico<\\\/span><\\\/a><\\\/strong><\\\/span><\\\/p>\\n\n\n<p style=\\\"text-align: center;\\\"><span><strong><a href=\\\"https:\\\/\\\/forms.gle\\\/PNW3LXxmAaDQh8kk8\\\" target=\\\"_blank\\\" rel=\\\"nofollow noopener\\\">Inscripci\\u00f3n\\u00a0<\\\/a><\\\/strong><\\\/span><\\\/p>\\n\n\n<p style=\\\"text-align: center;\\\"><span><strong>(a partir de las 12h del d\\u00eda 7 hasta las 00:00 del d\\u00eda 19 de octubre)<\\\/strong><\\\/span><\\\/p>\\n\n\n<p><span><a href=\\\"https:\\\/\\\/portaleseducativos.educarex.es\\\/formacion\\\/wp-content\\\/uploads\\\/sites\\\/269\\\/2025\\\/12\\\/Lista_admision_Actualizacion_-_Admision2526.pdf\\\"><strong><span class=\\\"wf_file_text\\\">Lista provisional de admisi\\u00f3n<\\\/span><\\\/strong>:<\\\/a> 24 de octubre<\\\/span><\\\/p>\\n\n\n<p><span><a href=\\\"https:\\\/\\\/portaleseducativos.educarex.es\\\/formacion\\\/wp-content\\\/uploads\\\/sites\\\/269\\\/2025\\\/12\\\/Lista_de_exclusion_Actualizacion_-_Exclusion25-26.pdf\\\"><strong><span class=\\\"wf_file_text\\\">Lista provisional de exclusi\\u00f3n<\\\/span>:<\\\/strong><\\\/a>\\u00a0 24 de octubre<\\\/span><\\\/p>\\n\n\n<p><span><strong>Reclamaciones<\\\/strong>: 28 y 29 de octubre a trav\\u00e9s del correo\\u00a0<a href=\\\"mailto:atd6.sife@educarex.es\\\">atd6.sife@educarex.es<\\\/a><\\\/span><\\\/p>\\n\n\n<p><span><a href=\\\"https:\\\/\\\/portaleseducativos.educarex.es\\\/formacion\\\/wp-content\\\/uploads\\\/sites\\\/269\\\/2025\\\/12\\\/Lista_admision_definitiva_Actualizacion_1.pdf\\\"><strong><span class=\\\"wf_file_text\\\">Lista definitiva de admisi\\u00f3n<\\\/span><\\\/strong>:<\\\/a> 31 de octubre<\\\/span><\\\/p>\\n\n\n<p><span><a href=\\\"https:\\\/\\\/portaleseducativos.educarex.es\\\/formacion\\\/wp-content\\\/uploads\\\/sites\\\/269\\\/2025\\\/12\\\/Lista_exclusion_definitiva_Actualizacion.pdf\\\"><strong><span class=\\\"wf_file_text\\\">Lista definitiva de exclusi\\u00f3n<\\\/span><\\\/strong>:<\\\/a> 31 de octubre<\\\/span><\\\/p>\",\"image\":\"wp-content\\\/uploads\\\/sites\\\/269\\\/2025\\\/10\\\/actualizacion-de-funcion-directiva-25_26-scaled.png\",\"title\":\"\"}}]},{\"type\":\"divider\",\"props\":{\"divider_element\":\"hr\"}}]}]}]},{\"type\":\"section\",\"props\":{\"image_position\":\"center-center\",\"style\":\"default\",\"title_breakpoint\":\"xl\",\"title_position\":\"top-left\",\"title_rotation\":\"left\",\"vertical_align\":\"middle\",\"width\":\"default\"},\"children\":[{\"type\":\"row\",\"props\":{\"layout\":\"1-2,1-2\"},\"children\":[{\"type\":\"column\",\"props\":{\"image_position\":\"center-center\",\"position_sticky_breakpoint\":\"m\",\"width_medium\":\"1-2\"},\"children\":[{\"type\":\"button\",\"props\":{\"grid_column_gap\":\"small\",\"grid_row_gap\":\"small\",\"margin\":\"default\",\"text_align\":\"center\"},\"children\":[{\"type\":\"button_item\",\"props\":{\"button_style\":\"default\",\"content\":\"Consulta tu historial formativo\",\"dialog_layout\":\"modal\",\"dialog_offcanvas_flip\":true,\"icon_align\":\"left\",\"link\":\"https:\\\/\\\/rfp.educarex.es\\\/\"}}]}]},{\"type\":\"column\",\"props\":{\"image_position\":\"center-center\",\"position_sticky_breakpoint\":\"m\",\"width_medium\":\"1-2\"},\"children\":[{\"type\":\"button\",\"props\":{\"grid_column_gap\":\"small\",\"grid_row_gap\":\"small\",\"margin\":\"default\",\"text_align\":\"center\"},\"children\":[{\"type\":\"button_item\",\"props\":{\"button_style\":\"default\",\"content\":\"Buscar actividades\",\"dialog_layout\":\"modal\",\"dialog_offcanvas_flip\":true,\"icon_align\":\"left\",\"link\":\"https:\\\/\\\/rfp.educarex.es\\\/planformacion\"}}]}]}]}]}],\"version\":\"4.5.32\"} --><\/p>\n","protected":false},"excerpt":{"rendered":"<p>FORMACI\u00d3N A DISTANCIA G. TRABAJO Y SEMINARIOS PFC IGUALDAD GRADO Y M\u00c1STER AYUDAS ESTANCIAS FORMATIVAS EN EMPRESAS MATERIALES DIGITALES CONVENIOS La normativa indica que los docentes que deseen acceder a [&hellip;]<\/p>\n","protected":false},"author":10231,"featured_media":1348,"parent":0,"menu_order":68,"comment_status":"closed","ping_status":"closed","template":"","meta":{"_uag_custom_page_level_css":"","_editorskit_title_hidden":false,"_editorskit_reading_time":0,"_editorskit_is_block_options_detached":false,"_editorskit_block_options_position":"{}","footnotes":""},"class_list":["post-1351","page","type-page","status-publish","has-post-thumbnail","hentry"],"uagb_featured_image_src":{"full":["https:\/\/portaleseducativos.educarex.es\/formacion\/wp-content\/uploads\/sites\/269\/2018\/02\/funciondirectiva.jpg",0,0,false],"thumbnail":["https:\/\/portaleseducativos.educarex.es\/formacion\/wp-content\/uploads\/sites\/269\/2018\/02\/funciondirectiva.jpg",1,1,false],"medium":["https:\/\/portaleseducativos.educarex.es\/formacion\/wp-content\/uploads\/sites\/269\/2018\/02\/funciondirectiva.jpg",1,1,false],"medium_large":["https:\/\/portaleseducativos.educarex.es\/formacion\/wp-content\/uploads\/sites\/269\/2018\/02\/funciondirectiva.jpg",1,1,false],"large":["https:\/\/portaleseducativos.educarex.es\/formacion\/wp-content\/uploads\/sites\/269\/2018\/02\/funciondirectiva.jpg",1,1,false],"1536x1536":["https:\/\/portaleseducativos.educarex.es\/formacion\/wp-content\/uploads\/sites\/269\/2018\/02\/funciondirectiva.jpg",1,1,false],"2048x2048":["https:\/\/portaleseducativos.educarex.es\/formacion\/wp-content\/uploads\/sites\/269\/2018\/02\/funciondirectiva.jpg",1,1,false]},"uagb_author_info":{"display_name":"Equipo emtic","author_link":"https:\/\/portaleseducativos.educarex.es\/formacion\/author\/admin1\/"},"uagb_comment_info":0,"uagb_excerpt":"FORMACI\u00d3N A DISTANCIA G. TRABAJO Y SEMINARIOS PFC IGUALDAD GRADO Y M\u00c1STER AYUDAS ESTANCIAS FORMATIVAS EN EMPRESAS MATERIALES DIGITALES CONVENIOS La normativa indica que los docentes que deseen acceder a [&hellip;]","_links":{"self":[{"href":"https:\/\/portaleseducativos.educarex.es\/formacion\/wp-json\/wp\/v2\/pages\/1351","targetHints":{"allow":["GET"]}}],"collection":[{"href":"https:\/\/portaleseducativos.educarex.es\/formacion\/wp-json\/wp\/v2\/pages"}],"about":[{"href":"https:\/\/portaleseducativos.educarex.es\/formacion\/wp-json\/wp\/v2\/types\/page"}],"author":[{"embeddable":true,"href":"https:\/\/portaleseducativos.educarex.es\/formacion\/wp-json\/wp\/v2\/users\/10231"}],"replies":[{"embeddable":true,"href":"https:\/\/portaleseducativos.educarex.es\/formacion\/wp-json\/wp\/v2\/comments?post=1351"}],"version-history":[{"count":3,"href":"https:\/\/portaleseducativos.educarex.es\/formacion\/wp-json\/wp\/v2\/pages\/1351\/revisions"}],"predecessor-version":[{"id":4364,"href":"https:\/\/portaleseducativos.educarex.es\/formacion\/wp-json\/wp\/v2\/pages\/1351\/revisions\/4364"}],"wp:featuredmedia":[{"embeddable":true,"href":"https:\/\/portaleseducativos.educarex.es\/formacion\/wp-json\/wp\/v2\/media\/1348"}],"wp:attachment":[{"href":"https:\/\/portaleseducativos.educarex.es\/formacion\/wp-json\/wp\/v2\/media?parent=1351"}],"curies":[{"name":"wp","href":"https:\/\/api.w.org\/{rel}","templated":true}]}}