{"id":2419,"date":"2023-05-25T11:40:26","date_gmt":"2023-05-25T09:40:26","guid":{"rendered":"https:\/\/portaleseducativos.educarex.es\/formacion\/seleccion-materiales23\/"},"modified":"2025-09-26T08:09:33","modified_gmt":"2025-09-26T06:09:33","slug":"seleccion-materiales23","status":"publish","type":"page","link":"https:\/\/portaleseducativos.educarex.es\/formacion\/seleccion-materiales23\/","title":{"rendered":"Selecci\u00f3n de materiales educativos en formato digital"},"content":{"rendered":"<ul>\n<li>\n        <a href=\"https:\/\/portaleseducativos.educarex.es\/formacion\/formaciondistanciasite\/\">FORMACI\u00d3N A DISTANCIA<\/a>\n    <\/li>\n<li>\n        <a href=\"https:\/\/portaleseducativos.educarex.es\/formacion\/formaciongrupossite\/\">G.TRABAJO Y SEMINARIOS<\/a>\n    <\/li>\n<li>\n        <a href=\"\">PFC<\/a>\n    <\/li>\n<li>\n        <a href=\"https:\/\/portaleseducativos.educarex.es\/formacion\/formacionfdirectivasite\/\">FUNCI\u00d3N DIRECTIVA<\/a>\n    <\/li>\n<li>\n        <a href=\"https:\/\/portaleseducativos.educarex.es\/formacion\/igualdad\/\">IGUALDAD<\/a>\n    <\/li>\n<li>\n        <a href=\"https:\/\/portaleseducativos.educarex.es\/formacion\/gradoymastersite\/\">GRADO Y M\u00c1STER<\/a>\n    <\/li>\n<li>\n        <a href=\"\">AYUDAS<\/a>\n    <\/li>\n<li>\n        <a href=\"https:\/\/portaleseducativos.educarex.es\/formacion\/estanciasformativassite\/\">ESTANCIAS FORMATIVAS EN EMPRESAS<\/a>\n    <\/li>\n<li>\n        <a href=\"\">CONVENIOS<\/a>\n    <\/li>\n<\/ul>\n<hr>\n<p><img decoding=\"async\" src=\"\/formacion\/wp-content\/uploads\/sites\/269\/2025\/07\/materiales_digitales_1-21ab8e9f.png\" alt=\"\"><\/p>\n<div>\n<p style=\"text-align: justify;\">Se ha publicado la Instrucci\u00f3n 13\/2025, de la Direcci\u00f3n General de Formaci\u00f3n Profesional, Innovaci\u00f3n e Inclusi\u00f3n Educativa, por la que se convoca la selecci\u00f3n de <strong>materiales educativos para cursos de formaci\u00f3n a distancia en formato digital<\/strong> destinados al profesorado de los centros docentes de ense\u00f1anzas no universitarias sostenidos con fondos p\u00fablicos de la Comunidad Aut\u00f3noma de Extremadura.<\/p>\n<p style=\"text-align: justify;\">El plazo de presentaci\u00f3n de solicitudes est\u00e1 abierto desde el <strong>15 de julio al 31 de agosto <\/strong>de cada a\u00f1o.\u00a0El env\u00edo de la documentaci\u00f3n y el acceso a los materiales hay que realizarlo a trav\u00e9s del correo <a href=\"mailto:innovacionyformacion@educarex.es.\">innovacionyformacion@educarex.es<\/a><\/p>\n<p style=\"text-align: justify;\">Enlace de inter\u00e9s:\u00a0<\/p>\n<p style=\"text-align: justify;\"><a href=\"\/formacion\/images\/seleccion_materiales\/BOE-A-2022-8042.pdf\" target=\"_blank\" class=\"wf_file\" rel=\"noopener\"><span class=\"wf_file_text\">Acceso al Marco Com\u00fan de Referencia de la Competencia Digital Docente.<\/span><\/a><\/p>\n<\/div>\n<ul>\n<li>\n<h3>CONVOCATORIA<\/h3>\n<div>\n<p><a href=\"https:\/\/portaleseducativos.educarex.es\/formacion\/wp-content\/uploads\/sites\/269\/2025\/07\/INSTRUCCIN_13_2025_DGFPIIE_MATERIALES_DIGITALESF.pdf\">INSTRUCCI\u00d3N 13\/2025<\/a><\/p>\n<\/div>\n<\/li>\n<li>\n<h3>CALENDARIO<\/h3>\n<div>\n<p>Solicitudes desde el 15 de julio al 31 de agosto<\/p>\n<\/div>\n<\/li>\n<li>\n<h3>ANEXOS<\/h3>\n<div>\n<p><a href=\"https:\/\/docs.google.com\/document\/d\/1DWc9eCMa8XOm9LH2sb0g1XTqq5Sem2-7yv5Grs7iZwQ\/copy\" target=\"_blank\" rel=\"nofollow noopener\">Anexo I: Solicitud.<\/a><\/p>\n<p><a href=\"https:\/\/docs.google.com\/spreadsheets\/d\/1Rz6wcccplPTDFvohr1IpCTkPVsOH54u1VsJbsp-j_s8\/copy\" target=\"_blank\" rel=\"nofollow noopener\">Acceso a la Plantilla de indicadores del MRCDD.<\/a><\/p>\n<p><a href=\"https:\/\/docs.google.com\/document\/d\/1pQyL5JJPuEtkqsv83toXDv5hDZM3BZKvJJYplPVSY54\/copy\" target=\"_blank\" rel=\"nofollow noopener\">Instrucciones para cumplimentar la plantilla.<\/a><\/p>\n<p><a href=\"https:\/\/docs.google.com\/document\/d\/1jbAXQqjpBIWR6aj1k_AnHtS6HSOdE9AzqKOYA0fQ478\/copy\" target=\"_blank\" rel=\"nofollow noopener\">Anexo II: Proyecto.<\/a><\/p>\n<p><a href=\"https:\/\/docs.google.com\/document\/d\/1j75bCI62xvp3LpgYRyQbqZ_LT5WdsrIZCMPlKyDvKPk\/copy\" target=\"_blank\" rel=\"nofollow noopener\">Anexo III: Compromiso individual de actualizaci\u00f3n.<\/a><\/p>\n<\/div>\n<\/li>\n<li>\n<h3>LISTADOS<\/h3>\n<div>\n<p><a href=\"https:\/\/portaleseducativos.educarex.es\/formacion\/wp-content\/uploads\/sites\/269\/2025\/09\/PUBLICAR_EN_PAGINA_WEB_MATERIALES_SELECCIONADOS_2025.pdf\"><span class=\"wf_file_text\">Listado de proyectos aprobados<\/span> 2025<\/a><\/p>\n<\/div>\n<\/li>\n<\/ul>\n<p><!--more--><br \/>\n<!-- {\"type\":\"layout\",\"children\":[{\"type\":\"section\",\"props\":{\"height\":\"pixels\",\"height_viewport\":350,\"image\":\"wp-content\\\/uploads\\\/sites\\\/269\\\/2025\\\/07\\\/BANNER-MATERIALES-DIGITALES.png\",\"image_position\":\"center-center\",\"padding\":\"large\",\"padding_remove_horizontal\":true,\"style\":\"default\",\"text_color\":\"light\",\"title_breakpoint\":\"xl\",\"title_position\":\"top-left\",\"title_rotation\":\"left\",\"vertical_align\":\"middle\",\"width\":\"large\"},\"children\":[{\"type\":\"row\",\"children\":[{\"type\":\"column\",\"props\":{\"image_position\":\"center-center\",\"position_sticky_breakpoint\":\"m\"}}]}]},{\"type\":\"section\",\"props\":{\"image_position\":\"center-center\",\"style\":\"default\",\"title_breakpoint\":\"xl\",\"title_position\":\"top-left\",\"title_rotation\":\"left\",\"vertical_align\":\"middle\",\"width\":\"default\"},\"children\":[{\"type\":\"row\",\"children\":[{\"type\":\"column\",\"props\":{\"image_position\":\"center-center\",\"position_sticky_breakpoint\":\"m\"},\"children\":[{\"type\":\"subnav\",\"props\":{\"subnav_style\":\"divider\",\"text_align\":\"center\"},\"children\":[{\"type\":\"subnav_item\",\"props\":{\"content\":\"FORMACI\\u00d3N A DISTANCIA\",\"link\":\"https:\\\/\\\/portaleseducativos.educarex.es\\\/formacion\\\/formaciondistanciasite\\\/\"}},{\"type\":\"subnav_item\",\"props\":{\"content\":\"G.TRABAJO Y SEMINARIOS\",\"link\":\"https:\\\/\\\/portaleseducativos.educarex.es\\\/formacion\\\/formaciongrupossite\\\/\"}},{\"type\":\"subnav_item\",\"props\":{\"content\":\"PFC\"}},{\"type\":\"subnav_item\",\"props\":{\"content\":\"FUNCI\\u00d3N DIRECTIVA\",\"link\":\"https:\\\/\\\/portaleseducativos.educarex.es\\\/formacion\\\/formacionfdirectivasite\\\/\"}},{\"type\":\"subnav_item\",\"props\":{\"content\":\"IGUALDAD\",\"link\":\"https:\\\/\\\/portaleseducativos.educarex.es\\\/formacion\\\/igualdad\\\/\",\"link_target\":true}},{\"type\":\"subnav_item\",\"props\":{\"content\":\"GRADO Y M\\u00c1STER\",\"link\":\"https:\\\/\\\/portaleseducativos.educarex.es\\\/formacion\\\/gradoymastersite\\\/\"}},{\"type\":\"subnav_item\",\"props\":{\"content\":\"AYUDAS\"}},{\"type\":\"subnav_item\",\"props\":{\"content\":\"ESTANCIAS FORMATIVAS EN EMPRESAS\",\"link\":\"https:\\\/\\\/portaleseducativos.educarex.es\\\/formacion\\\/estanciasformativassite\\\/\"}},{\"type\":\"subnav_item\",\"props\":{\"content\":\"CONVENIOS\"}}]},{\"type\":\"divider\",\"props\":{\"divider_element\":\"hr\"}}]}]}]},{\"type\":\"section\",\"props\":{\"image_position\":\"center-center\",\"style\":\"default\",\"title_breakpoint\":\"xl\",\"title_position\":\"top-left\",\"title_rotation\":\"left\",\"vertical_align\":\"middle\",\"width\":\"default\"},\"children\":[{\"type\":\"row\",\"props\":{\"layout\":\"1-2,1-2\"},\"children\":[{\"type\":\"column\",\"props\":{\"image_position\":\"center-center\",\"position_sticky_breakpoint\":\"m\",\"width_medium\":\"1-2\"},\"children\":[{\"type\":\"image\",\"props\":{\"image\":\"wp-content\\\/uploads\\\/sites\\\/269\\\/2025\\\/07\\\/materiales_digitales_1-21ab8e9f.png\",\"image_svg_color\":\"emphasis\",\"margin\":\"default\"}}]},{\"type\":\"column\",\"props\":{\"image_position\":\"center-center\",\"position_sticky_breakpoint\":\"m\",\"width_medium\":\"1-2\"},\"children\":[{\"type\":\"text\",\"props\":{\"column_breakpoint\":\"m\",\"content\":\"\n\n<p style=\\\"text-align: justify;\\\">Se ha publicado la Instrucci\\u00f3n 13\\\/2025, de la Direcci\\u00f3n General de Formaci\\u00f3n Profesional, Innovaci\\u00f3n e Inclusi\\u00f3n Educativa, por la que se convoca la selecci\\u00f3n de <strong>materiales educativos para cursos de formaci\\u00f3n a distancia en formato digital<\\\/strong> destinados al profesorado de los centros docentes de ense\\u00f1anzas no universitarias sostenidos con fondos p\\u00fablicos de la Comunidad Aut\\u00f3noma de Extremadura.<\\\/p>\\n\n\n<p style=\\\"text-align: justify;\\\">El plazo de presentaci\\u00f3n de solicitudes est\\u00e1 abierto desde el <strong>15 de julio al 31 de agosto <\\\/strong>de cada a\\u00f1o.\\u00a0El env\\u00edo de la documentaci\\u00f3n y el acceso a los materiales hay que realizarlo a trav\\u00e9s del correo <a href=\\\"mailto:innovacionyformacion@educarex.es.\\\">innovacionyformacion@educarex.es<\\\/a><\\\/p>\\n\n\n<p style=\\\"text-align: justify;\\\">Enlace de inter\\u00e9s:\\u00a0<\\\/p>\\n\n\n<p style=\\\"text-align: justify;\\\"><a href=\\\"images\\\/seleccion_materiales\\\/BOE-A-2022-8042.pdf\\\" target=\\\"_blank\\\" class=\\\"wf_file\\\" rel=\\\"noopener\\\"><span class=\\\"wf_file_text\\\">Acceso al Marco Com\\u00fan de Referencia de la Competencia Digital Docente.<\\\/span><\\\/a><\\\/p>\",\"margin\":\"default\"}}]}]}]},{\"type\":\"section\",\"props\":{\"image_position\":\"center-center\",\"style\":\"default\",\"title_breakpoint\":\"xl\",\"title_position\":\"top-left\",\"title_rotation\":\"left\",\"vertical_align\":\"middle\",\"width\":\"default\"},\"children\":[{\"type\":\"row\",\"children\":[{\"type\":\"column\",\"props\":{\"image_position\":\"center-center\",\"position_sticky_breakpoint\":\"m\"},\"children\":[{\"type\":\"grid\",\"props\":{\"content_column_breakpoint\":\"m\",\"filter_align\":\"left\",\"filter_all\":true,\"filter_grid_breakpoint\":\"m\",\"filter_grid_width\":\"auto\",\"filter_position\":\"top\",\"filter_style\":\"tab\",\"grid_column_gap\":\"small\",\"grid_default\":\"1\",\"grid_medium\":\"4\",\"grid_row_gap\":\"small\",\"icon_width\":80,\"image_align\":\"top\",\"image_grid_breakpoint\":\"m\",\"image_grid_width\":\"1-2\",\"image_svg_color\":\"emphasis\",\"item_animation\":true,\"lightbox_bg_close\":true,\"link_style\":\"default\",\"link_text\":\"Read more\",\"margin\":\"default\",\"meta_align\":\"below-title\",\"meta_element\":\"div\",\"meta_style\":\"text-meta\",\"panel_link\":true,\"panel_link_hover\":true,\"panel_padding\":\"default\",\"panel_style\":\"card-default\",\"show_content\":true,\"show_hover_image\":true,\"show_hover_video\":true,\"show_image\":true,\"show_link\":true,\"show_meta\":true,\"show_title\":true,\"show_video\":true,\"text_align\":\"center\",\"title_align\":\"top\",\"title_element\":\"h3\",\"title_grid_breakpoint\":\"m\",\"title_grid_width\":\"1-2\",\"title_hover_style\":\"reset\"},\"children\":[{\"type\":\"grid_item\",\"props\":{\"content\":\"\n\n<p><a href=\\\"https:\\\/\\\/portaleseducativos.educarex.es\\\/formacion\\\/wp-content\\\/uploads\\\/sites\\\/269\\\/2025\\\/07\\\/INSTRUCCIN_13_2025_DGFPIIE_MATERIALES_DIGITALESF.pdf\\\">INSTRUCCI\\u00d3N 13\\\/2025<\\\/a><\\\/p>\",\"title\":\"CONVOCATORIA\"}},{\"type\":\"grid_item\",\"props\":{\"content\":\"\n\n<p>Solicitudes desde el 15 de julio al 31 de agosto<\\\/p>\",\"title\":\"CALENDARIO\"}},{\"type\":\"grid_item\",\"props\":{\"content\":\"\n\n<p><a href=\\\"https:\\\/\\\/docs.google.com\\\/document\\\/d\\\/1DWc9eCMa8XOm9LH2sb0g1XTqq5Sem2-7yv5Grs7iZwQ\\\/copy\\\" target=\\\"_blank\\\" rel=\\\"nofollow noopener\\\">Anexo I: Solicitud.<\\\/a><\\\/p>\\n\n\n<p><a href=\\\"https:\\\/\\\/docs.google.com\\\/spreadsheets\\\/d\\\/1Rz6wcccplPTDFvohr1IpCTkPVsOH54u1VsJbsp-j_s8\\\/copy\\\" target=\\\"_blank\\\" rel=\\\"nofollow noopener\\\">Acceso a la Plantilla de indicadores del MRCDD.<\\\/a><\\\/p>\\n\n\n<p><a href=\\\"https:\\\/\\\/docs.google.com\\\/document\\\/d\\\/1pQyL5JJPuEtkqsv83toXDv5hDZM3BZKvJJYplPVSY54\\\/copy\\\" target=\\\"_blank\\\" rel=\\\"nofollow noopener\\\">Instrucciones para cumplimentar la plantilla.<\\\/a><\\\/p>\\n\n\n<p><a href=\\\"https:\\\/\\\/docs.google.com\\\/document\\\/d\\\/1jbAXQqjpBIWR6aj1k_AnHtS6HSOdE9AzqKOYA0fQ478\\\/copy\\\" target=\\\"_blank\\\" rel=\\\"nofollow noopener\\\">Anexo II: Proyecto.<\\\/a><\\\/p>\\n\n\n<p><a href=\\\"https:\\\/\\\/docs.google.com\\\/document\\\/d\\\/1j75bCI62xvp3LpgYRyQbqZ_LT5WdsrIZCMPlKyDvKPk\\\/copy\\\" target=\\\"_blank\\\" rel=\\\"nofollow noopener\\\">Anexo III: Compromiso individual de actualizaci\\u00f3n.<\\\/a><\\\/p>\",\"title\":\"ANEXOS\"}},{\"type\":\"grid_item\",\"props\":{\"content\":\"\n\n<p><a href=\\\"https:\\\/\\\/portaleseducativos.educarex.es\\\/formacion\\\/wp-content\\\/uploads\\\/sites\\\/269\\\/2025\\\/09\\\/PUBLICAR_EN_PAGINA_WEB_MATERIALES_SELECCIONADOS_2025.pdf\\\"><span class=\\\"wf_file_text\\\">Listado de proyectos aprobados<\\\/span> 2025<\\\/a><\\\/p>\",\"title\":\"LISTADOS\"}}]}]}]}]}],\"version\":\"4.5.26\"} --><\/p>\n","protected":false},"excerpt":{"rendered":"<p>FORMACI\u00d3N A DISTANCIA G.TRABAJO Y SEMINARIOS PFC FUNCI\u00d3N DIRECTIVA IGUALDAD GRADO Y M\u00c1STER AYUDAS ESTANCIAS FORMATIVAS EN EMPRESAS CONVENIOS Se ha publicado la Instrucci\u00f3n 13\/2025, de la Direcci\u00f3n General de [&hellip;]<\/p>\n","protected":false},"author":10312,"featured_media":2415,"parent":0,"menu_order":21,"comment_status":"closed","ping_status":"closed","template":"","meta":{"_uag_custom_page_level_css":"","_editorskit_title_hidden":false,"_editorskit_reading_time":0,"_editorskit_is_block_options_detached":false,"_editorskit_block_options_position":"{}","footnotes":""},"class_list":["post-2419","page","type-page","status-publish","has-post-thumbnail","hentry"],"uagb_featured_image_src":{"full":["https:\/\/portaleseducativos.educarex.es\/formacion\/wp-content\/uploads\/sites\/269\/2023\/05\/materiales_digitales_1.png",0,0,false],"thumbnail":["https:\/\/portaleseducativos.educarex.es\/formacion\/wp-content\/uploads\/sites\/269\/2023\/05\/materiales_digitales_1.png",1,1,false],"medium":["https:\/\/portaleseducativos.educarex.es\/formacion\/wp-content\/uploads\/sites\/269\/2023\/05\/materiales_digitales_1.png",1,1,false],"medium_large":["https:\/\/portaleseducativos.educarex.es\/formacion\/wp-content\/uploads\/sites\/269\/2023\/05\/materiales_digitales_1.png",1,1,false],"large":["https:\/\/portaleseducativos.educarex.es\/formacion\/wp-content\/uploads\/sites\/269\/2023\/05\/materiales_digitales_1.png",1,1,false],"1536x1536":["https:\/\/portaleseducativos.educarex.es\/formacion\/wp-content\/uploads\/sites\/269\/2023\/05\/materiales_digitales_1.png",1,1,false],"2048x2048":["https:\/\/portaleseducativos.educarex.es\/formacion\/wp-content\/uploads\/sites\/269\/2023\/05\/materiales_digitales_1.png",1,1,false]},"uagb_author_info":{"display_name":"Javier Filoso","author_link":"https:\/\/portaleseducativos.educarex.es\/formacion\/author\/javierfiloso\/"},"uagb_comment_info":0,"uagb_excerpt":"FORMACI\u00d3N A DISTANCIA G.TRABAJO Y SEMINARIOS PFC FUNCI\u00d3N DIRECTIVA IGUALDAD GRADO Y M\u00c1STER AYUDAS ESTANCIAS FORMATIVAS EN EMPRESAS CONVENIOS Se ha publicado la Instrucci\u00f3n 13\/2025, de la Direcci\u00f3n General de [&hellip;]","_links":{"self":[{"href":"https:\/\/portaleseducativos.educarex.es\/formacion\/wp-json\/wp\/v2\/pages\/2419","targetHints":{"allow":["GET"]}}],"collection":[{"href":"https:\/\/portaleseducativos.educarex.es\/formacion\/wp-json\/wp\/v2\/pages"}],"about":[{"href":"https:\/\/portaleseducativos.educarex.es\/formacion\/wp-json\/wp\/v2\/types\/page"}],"author":[{"embeddable":true,"href":"https:\/\/portaleseducativos.educarex.es\/formacion\/wp-json\/wp\/v2\/users\/10312"}],"replies":[{"embeddable":true,"href":"https:\/\/portaleseducativos.educarex.es\/formacion\/wp-json\/wp\/v2\/comments?post=2419"}],"version-history":[{"count":3,"href":"https:\/\/portaleseducativos.educarex.es\/formacion\/wp-json\/wp\/v2\/pages\/2419\/revisions"}],"predecessor-version":[{"id":4185,"href":"https:\/\/portaleseducativos.educarex.es\/formacion\/wp-json\/wp\/v2\/pages\/2419\/revisions\/4185"}],"wp:featuredmedia":[{"embeddable":true,"href":"https:\/\/portaleseducativos.educarex.es\/formacion\/wp-json\/wp\/v2\/media\/2415"}],"wp:attachment":[{"href":"https:\/\/portaleseducativos.educarex.es\/formacion\/wp-json\/wp\/v2\/media?parent=2419"}],"curies":[{"name":"wp","href":"https:\/\/api.w.org\/{rel}","templated":true}]}}