{"id":2507,"date":"2025-08-10T09:01:28","date_gmt":"2025-08-10T07:01:28","guid":{"rendered":"https:\/\/portaleseducativos.educarex.es\/formacion\/?p=2507"},"modified":"2025-08-14T19:09:14","modified_gmt":"2025-08-14T17:09:14","slug":"inmersiones-fp","status":"publish","type":"page","link":"https:\/\/portaleseducativos.educarex.es\/formacion\/inmersiones-fp\/","title":{"rendered":"INMERSIONES LING\u00dc\u00cdSTICAS FP"},"content":{"rendered":"<ul>\n<li>\n        <a href=\"https:\/\/portaleseducativos.educarex.es\/formacion\/?page_id=2499&#038;preview=true\">FORMACI\u00d3N PARA FAMILIAS PROFESIONALES<\/a>\n    <\/li>\n<li>\n        <a href=\"https:\/\/portaleseducativos.educarex.es\/formacion\/aulas-ateca-site\/\">AULAS ATECA<\/a>\n    <\/li>\n<li>\n        <a href=\"https:\/\/portaleseducativos.educarex.es\/formacion\/digitalizacionsite\/\">PLAN DE DIGITALIZACI\u00d3N<\/a>\n    <\/li>\n<li>\n        <a href=\"https:\/\/portaleseducativos.educarex.es\/formacion\/aulas-emprendimiento\/\">AULAS DE EMPRENDIMIENTO <\/a>\n    <\/li>\n<li>\n        <a href=\"https:\/\/portaleseducativos.educarex.es\/formacion\/ieca\/\">IECA<\/a>\n    <\/li>\n<li>\n        <a href=\"https:\/\/portaleseducativos.educarex.es\/formacion\/inmersiones-fp\/\">INMERSIONES LING\u00dc\u00cdSTICAS PARA FP<\/a>\n    <\/li>\n<li>\n        <a href=\"https:\/\/portaleseducativos.educarex.es\/formacion\/jornadas-fp\/\">JORNADAS DE FP<\/a>\n    <\/li>\n<\/ul>\n<p><img decoding=\"async\" src=\"\/formacion\/wp-content\/uploads\/sites\/269\/2025\/08\/Inmersiones_linguisticas_pequena.png\" alt=\"\"><\/p>\n<div>\n<p style=\"text-align: justify;\">La internacionalizaci\u00f3n de la formaci\u00f3n profesional en Extremadura es un aspecto clave para el desarrollo econ\u00f3mico, social y cultural de la regi\u00f3n. La formaci\u00f3n profesional ofrece a los j\u00f3venes y adultos la oportunidad de adquirir competencias profesionales, personales y ling\u00fc\u00edsticas que les permiten mejorar su empleabilidad, su movilidad y su participaci\u00f3n en la sociedad. Adem\u00e1s, la formaci\u00f3n profesional contribuye a la innovaci\u00f3n, la competitividad y la sostenibilidad de los sectores productivos de Extremadura, favoreciendo la transferencia de conocimientos, tecnolog\u00edas y buenas pr\u00e1cticas entre los centros educativos y las empresas.\u00a0<\/p>\n<p style=\"text-align: justify;\">Los CPR de la regi\u00f3n y el Servicio de Innovaci\u00f3n, Formaci\u00f3n del Profesorado y Emprendimiento organizan inmersiones ling\u00fc\u00edsticas para el profesorado de FP que imparte m\u00f3dulos biling\u00fces en los diferentes Ciclos Formativos presentes en Extremadura.<\/p>\n<\/div>\n<p><p>\n        <a href=\"https:\/\/rfp.educarex.es\/\">Consulta tu historial formativo<\/a>\n    <\/p>\n<\/p>\n<p><p>\n        <a href=\"https:\/\/rfp.educarex.es\/planformacion\">Buscar actividades<\/a>\n    <\/p>\n<\/p>\n<p><!--more--><br \/>\n<!-- {\"type\":\"layout\",\"children\":[{\"type\":\"section\",\"props\":{\"height\":\"pixels\",\"height_viewport\":350,\"image\":\"wp-content\\\/uploads\\\/sites\\\/269\\\/2025\\\/08\\\/Inmersionesbanner.png\",\"image_position\":\"center-center\",\"style\":\"default\",\"text_color\":\"light\",\"title_breakpoint\":\"xl\",\"title_position\":\"top-left\",\"title_rotation\":\"left\",\"vertical_align\":\"middle\",\"width\":\"large\"},\"children\":[{\"type\":\"row\",\"children\":[{\"type\":\"column\",\"props\":{\"image_position\":\"center-center\",\"position_sticky_breakpoint\":\"m\"}}]}]},{\"type\":\"section\",\"props\":{\"image_position\":\"center-center\",\"style\":\"default\",\"title_breakpoint\":\"xl\",\"title_position\":\"top-left\",\"title_rotation\":\"left\",\"vertical_align\":\"middle\",\"width\":\"default\"},\"children\":[{\"type\":\"row\",\"children\":[{\"type\":\"column\",\"props\":{\"image_position\":\"center-center\",\"position_sticky_breakpoint\":\"m\"},\"children\":[{\"type\":\"subnav\",\"props\":{\"subnav_style\":\"divider\",\"text_align\":\"center\"},\"children\":[{\"type\":\"subnav_item\",\"props\":{\"content\":\"FORMACI\\u00d3N PARA FAMILIAS PROFESIONALES\",\"link\":\"https:\\\/\\\/portaleseducativos.educarex.es\\\/formacion\\\/?page_id=2499&preview=true\"}},{\"type\":\"subnav_item\",\"props\":{\"content\":\"AULAS ATECA\",\"link\":\"https:\\\/\\\/portaleseducativos.educarex.es\\\/formacion\\\/aulas-ateca-site\\\/\"}},{\"type\":\"subnav_item\",\"props\":{\"content\":\"PLAN DE DIGITALIZACI\\u00d3N\",\"link\":\"https:\\\/\\\/portaleseducativos.educarex.es\\\/formacion\\\/digitalizacionsite\\\/\"}},{\"type\":\"subnav_item\",\"props\":{\"content\":\"AULAS DE EMPRENDIMIENTO \",\"link\":\"https:\\\/\\\/portaleseducativos.educarex.es\\\/formacion\\\/aulas-emprendimiento\\\/\"}},{\"type\":\"subnav_item\",\"props\":{\"content\":\"IECA\",\"link\":\"https:\\\/\\\/portaleseducativos.educarex.es\\\/formacion\\\/ieca\\\/\"}},{\"type\":\"subnav_item\",\"props\":{\"content\":\"INMERSIONES LING\\u00dc\\u00cdSTICAS PARA FP\",\"link\":\"https:\\\/\\\/portaleseducativos.educarex.es\\\/formacion\\\/inmersiones-fp\\\/\"}},{\"type\":\"subnav_item\",\"props\":{\"content\":\"JORNADAS DE FP\",\"link\":\"https:\\\/\\\/portaleseducativos.educarex.es\\\/formacion\\\/jornadas-fp\\\/\"}}]}]}]}]},{\"type\":\"section\",\"props\":{\"image_position\":\"center-center\",\"style\":\"default\",\"title_breakpoint\":\"xl\",\"title_position\":\"top-left\",\"title_rotation\":\"left\",\"vertical_align\":\"middle\",\"width\":\"default\"},\"children\":[{\"type\":\"row\",\"props\":{\"layout\":\"1-2,1-2\"},\"children\":[{\"type\":\"column\",\"props\":{\"image_position\":\"center-center\",\"position_sticky_breakpoint\":\"m\",\"width_medium\":\"1-2\"},\"children\":[{\"type\":\"image\",\"props\":{\"image\":\"wp-content\\\/uploads\\\/sites\\\/269\\\/2025\\\/08\\\/Inmersiones_linguisticas_pequena.png\",\"image_svg_color\":\"emphasis\",\"margin\":\"default\"}}]},{\"type\":\"column\",\"props\":{\"image_position\":\"center-center\",\"position_sticky_breakpoint\":\"m\",\"width_medium\":\"1-2\"},\"children\":[{\"type\":\"text\",\"props\":{\"column_breakpoint\":\"m\",\"content\":\"\n\n<p style=\\\"text-align: justify;\\\">La internacionalizaci\\u00f3n de la formaci\\u00f3n profesional en Extremadura es un aspecto clave para el desarrollo econ\\u00f3mico, social y cultural de la regi\\u00f3n. La formaci\\u00f3n profesional ofrece a los j\\u00f3venes y adultos la oportunidad de adquirir competencias profesionales, personales y ling\\u00fc\\u00edsticas que les permiten mejorar su empleabilidad, su movilidad y su participaci\\u00f3n en la sociedad. Adem\\u00e1s, la formaci\\u00f3n profesional contribuye a la innovaci\\u00f3n, la competitividad y la sostenibilidad de los sectores productivos de Extremadura, favoreciendo la transferencia de conocimientos, tecnolog\\u00edas y buenas pr\\u00e1cticas entre los centros educativos y las empresas.\\u00a0<\\\/p>\\n\n\n<p style=\\\"text-align: justify;\\\">Los CPR de la regi\\u00f3n y el Servicio de Innovaci\\u00f3n, Formaci\\u00f3n del Profesorado y Emprendimiento organizan inmersiones ling\\u00fc\\u00edsticas para el profesorado de FP que imparte m\\u00f3dulos biling\\u00fces en los diferentes Ciclos Formativos presentes en Extremadura.<\\\/p>\",\"margin\":\"default\"}}]}]}]},{\"type\":\"section\",\"props\":{\"image_position\":\"center-center\",\"style\":\"default\",\"title_breakpoint\":\"xl\",\"title_position\":\"top-left\",\"title_rotation\":\"left\",\"vertical_align\":\"middle\",\"width\":\"default\"},\"children\":[{\"type\":\"row\",\"props\":{\"layout\":\"1-2,1-2\"},\"children\":[{\"type\":\"column\",\"props\":{\"image_position\":\"center-center\",\"position_sticky_breakpoint\":\"m\",\"width_medium\":\"1-2\"},\"children\":[{\"type\":\"button\",\"props\":{\"grid_column_gap\":\"small\",\"grid_row_gap\":\"small\",\"margin\":\"default\",\"text_align\":\"center\"},\"children\":[{\"type\":\"button_item\",\"props\":{\"button_style\":\"default\",\"content\":\"Consulta tu historial formativo\",\"dialog_layout\":\"modal\",\"dialog_offcanvas_flip\":true,\"icon_align\":\"left\",\"link\":\"https:\\\/\\\/rfp.educarex.es\\\/\"}}]}]},{\"type\":\"column\",\"props\":{\"image_position\":\"center-center\",\"position_sticky_breakpoint\":\"m\",\"width_medium\":\"1-2\"},\"children\":[{\"type\":\"button\",\"props\":{\"grid_column_gap\":\"small\",\"grid_row_gap\":\"small\",\"margin\":\"default\",\"text_align\":\"center\"},\"children\":[{\"type\":\"button_item\",\"props\":{\"button_style\":\"default\",\"content\":\"Buscar actividades\",\"dialog_layout\":\"modal\",\"dialog_offcanvas_flip\":true,\"icon_align\":\"left\",\"link\":\"https:\\\/\\\/rfp.educarex.es\\\/planformacion\"}}]}]}]}]}],\"version\":\"4.5.24\"} --><\/p>\n","protected":false},"excerpt":{"rendered":"<p>FORMACI\u00d3N PARA FAMILIAS PROFESIONALES AULAS ATECA PLAN DE DIGITALIZACI\u00d3N AULAS DE EMPRENDIMIENTO IECA INMERSIONES LING\u00dc\u00cdSTICAS PARA FP JORNADAS DE FP La internacionalizaci\u00f3n de la formaci\u00f3n profesional en Extremadura es un [&hellip;]<\/p>\n","protected":false},"author":10231,"featured_media":2506,"parent":0,"menu_order":12,"comment_status":"closed","ping_status":"closed","template":"","meta":{"_uag_custom_page_level_css":"","_editorskit_title_hidden":false,"_editorskit_reading_time":0,"_editorskit_is_block_options_detached":false,"_editorskit_block_options_position":"{}","footnotes":""},"class_list":["post-2507","page","type-page","status-publish","has-post-thumbnail","hentry"],"uagb_featured_image_src":{"full":["https:\/\/portaleseducativos.educarex.es\/formacion\/wp-content\/uploads\/sites\/269\/2018\/02\/Inmersiones_linguisticas_pequena.png",0,0,false],"thumbnail":["https:\/\/portaleseducativos.educarex.es\/formacion\/wp-content\/uploads\/sites\/269\/2018\/02\/Inmersiones_linguisticas_pequena.png",1,1,false],"medium":["https:\/\/portaleseducativos.educarex.es\/formacion\/wp-content\/uploads\/sites\/269\/2018\/02\/Inmersiones_linguisticas_pequena.png",1,1,false],"medium_large":["https:\/\/portaleseducativos.educarex.es\/formacion\/wp-content\/uploads\/sites\/269\/2018\/02\/Inmersiones_linguisticas_pequena.png",1,1,false],"large":["https:\/\/portaleseducativos.educarex.es\/formacion\/wp-content\/uploads\/sites\/269\/2018\/02\/Inmersiones_linguisticas_pequena.png",1,1,false],"1536x1536":["https:\/\/portaleseducativos.educarex.es\/formacion\/wp-content\/uploads\/sites\/269\/2018\/02\/Inmersiones_linguisticas_pequena.png",1,1,false],"2048x2048":["https:\/\/portaleseducativos.educarex.es\/formacion\/wp-content\/uploads\/sites\/269\/2018\/02\/Inmersiones_linguisticas_pequena.png",1,1,false]},"uagb_author_info":{"display_name":"Equipo emtic","author_link":"https:\/\/portaleseducativos.educarex.es\/formacion\/author\/admin1\/"},"uagb_comment_info":0,"uagb_excerpt":"FORMACI\u00d3N PARA FAMILIAS PROFESIONALES AULAS ATECA PLAN DE DIGITALIZACI\u00d3N AULAS DE EMPRENDIMIENTO IECA INMERSIONES LING\u00dc\u00cdSTICAS PARA FP JORNADAS DE FP La internacionalizaci\u00f3n de la formaci\u00f3n profesional en Extremadura es un [&hellip;]","_links":{"self":[{"href":"https:\/\/portaleseducativos.educarex.es\/formacion\/wp-json\/wp\/v2\/pages\/2507","targetHints":{"allow":["GET"]}}],"collection":[{"href":"https:\/\/portaleseducativos.educarex.es\/formacion\/wp-json\/wp\/v2\/pages"}],"about":[{"href":"https:\/\/portaleseducativos.educarex.es\/formacion\/wp-json\/wp\/v2\/types\/page"}],"author":[{"embeddable":true,"href":"https:\/\/portaleseducativos.educarex.es\/formacion\/wp-json\/wp\/v2\/users\/10231"}],"replies":[{"embeddable":true,"href":"https:\/\/portaleseducativos.educarex.es\/formacion\/wp-json\/wp\/v2\/comments?post=2507"}],"version-history":[{"count":3,"href":"https:\/\/portaleseducativos.educarex.es\/formacion\/wp-json\/wp\/v2\/pages\/2507\/revisions"}],"predecessor-version":[{"id":3867,"href":"https:\/\/portaleseducativos.educarex.es\/formacion\/wp-json\/wp\/v2\/pages\/2507\/revisions\/3867"}],"wp:featuredmedia":[{"embeddable":true,"href":"https:\/\/portaleseducativos.educarex.es\/formacion\/wp-json\/wp\/v2\/media\/2506"}],"wp:attachment":[{"href":"https:\/\/portaleseducativos.educarex.es\/formacion\/wp-json\/wp\/v2\/media?parent=2507"}],"curies":[{"name":"wp","href":"https:\/\/api.w.org\/{rel}","templated":true}]}}