{"id":69,"date":"2023-02-01T11:44:31","date_gmt":"2023-02-01T10:44:31","guid":{"rendered":"https:\/\/portaleseducativos.educarex.es\/formacion15\/?page_id=69"},"modified":"2023-03-23T09:33:43","modified_gmt":"2023-03-23T08:33:43","slug":"proyectos","status":"publish","type":"page","link":"https:\/\/portaleseducativos.educarex.es\/formacion15\/proyectos\/","title":{"rendered":"Proyectos"},"content":{"rendered":"\n<p class=\" eplus-wrapper\">Los centros extreme\u00f1os participan en diferentes proyectos, para ofrecer una educaci\u00f3n m\u00e1s completa y personalizada a su alumnado. Estos proyectos abarcan una oferta did\u00e1ctica muy diversa, incluyendo nuestra plataforma educativa eScholarium, radio educativa, gesti\u00f3n de biblioteca escolar y biblioteca digital, o contenidos educativos personalizados, como CREA, CITE, FND&#8230;<\/p>\n\n\n\n<div class=\"wp-block-columns eplus-wrapper is-layout-flex wp-container-core-columns-is-layout-9d6595d7 wp-block-columns-is-layout-flex\">\n<div class=\"wp-block-column eplus-wrapper is-layout-flow wp-block-column-is-layout-flow\">\n<div class=\" wp-block-media-text alignwide is-stacked-on-mobile has-medium-font-size eplus-wrapper\" style=\"grid-template-columns:18% auto\"><figure class=\"wp-block-media-text__media\"><img decoding=\"async\" src=\"https:\/\/portaleseducativos.educarex.es\/formacion15\/wp-content\/uploads\/sites\/306\/2023\/02\/iconos_proyecto_escholarium-1.png\" alt=\"\" class=\"wp-image-110 size-full\"\/><\/figure><div class=\"wp-block-media-text__content\">\n<p class=\" eplus-wrapper\">eScholarium<\/p>\n<\/div><\/div>\n\n\n\n<div class=\" wp-block-media-text alignwide is-stacked-on-mobile has-medium-font-size eplus-wrapper\" style=\"grid-template-columns:20% auto\"><figure class=\"wp-block-media-text__media\"><img loading=\"lazy\" decoding=\"async\" width=\"64\" height=\"64\" src=\"https:\/\/portaleseducativos.educarex.es\/formacion15\/wp-content\/uploads\/sites\/306\/2023\/02\/iconos_proyecto_fnd.png\" alt=\"\" class=\"wp-image-112 size-full\"\/><\/figure><div class=\"wp-block-media-text__content\">\n<p class=\" eplus-wrapper\">Foro nativos digitales<\/p>\n<\/div><\/div>\n\n\n\n<div class=\" wp-block-media-text alignwide is-stacked-on-mobile has-medium-font-size eplus-wrapper\" style=\"grid-template-columns:20% auto\"><figure class=\"wp-block-media-text__media\"><img loading=\"lazy\" decoding=\"async\" width=\"64\" height=\"64\" src=\"https:\/\/portaleseducativos.educarex.es\/formacion15\/wp-content\/uploads\/sites\/306\/2023\/02\/icono_proyecto_radioedu.png\" alt=\"\" class=\"wp-image-115 size-full\"\/><\/figure><div class=\"wp-block-media-text__content\">\n<p class=\" eplus-wrapper\">RadioEdu<\/p>\n<\/div><\/div>\n\n\n\n<div class=\" wp-block-media-text alignwide is-stacked-on-mobile has-medium-font-size eplus-wrapper\" style=\"grid-template-columns:20% auto\"><figure class=\"wp-block-media-text__media\"><img loading=\"lazy\" decoding=\"async\" width=\"64\" height=\"64\" src=\"https:\/\/portaleseducativos.educarex.es\/formacion15\/wp-content\/uploads\/sites\/306\/2023\/02\/icono_proyecto_cite.png\" alt=\"\" class=\"wp-image-118 size-full\"\/><\/figure><div class=\"wp-block-media-text__content\">\n<p class=\" eplus-wrapper\">CITE<\/p>\n<\/div><\/div>\n\n\n\n<div class=\" wp-block-media-text alignwide is-stacked-on-mobile has-medium-font-size eplus-wrapper\" style=\"grid-template-columns:20% auto\"><figure class=\"wp-block-media-text__media\"><img loading=\"lazy\" decoding=\"async\" width=\"64\" height=\"64\" src=\"https:\/\/portaleseducativos.educarex.es\/formacion15\/wp-content\/uploads\/sites\/306\/2023\/02\/icono_proyecto_roboreto.png\" alt=\"\" class=\"wp-image-120 size-full\"\/><\/figure><div class=\"wp-block-media-text__content\">\n<p class=\" eplus-wrapper\">Robo-Reto<\/p>\n<\/div><\/div>\n<\/div>\n\n\n\n<div class=\"wp-block-column eplus-wrapper is-layout-flow wp-block-column-is-layout-flow\">\n<div class=\" wp-block-media-text alignwide is-stacked-on-mobile has-medium-font-size eplus-wrapper\" style=\"grid-template-columns:20% auto\"><figure class=\"wp-block-media-text__media\"><img loading=\"lazy\" decoding=\"async\" width=\"64\" height=\"64\" src=\"https:\/\/portaleseducativos.educarex.es\/formacion15\/wp-content\/uploads\/sites\/306\/2023\/02\/icono_proyecto_aulasdelfuturo.png\" alt=\"\" class=\"wp-image-111 size-full\"\/><\/figure><div class=\"wp-block-media-text__content\">\n<p class=\" eplus-wrapper\">Aulas del Futuro<\/p>\n<\/div><\/div>\n\n\n\n<div class=\" wp-block-media-text alignwide is-stacked-on-mobile has-medium-font-size eplus-wrapper\" style=\"grid-template-columns:20% auto\"><figure class=\"wp-block-media-text__media\"><img loading=\"lazy\" decoding=\"async\" width=\"64\" height=\"64\" src=\"https:\/\/portaleseducativos.educarex.es\/formacion15\/wp-content\/uploads\/sites\/306\/2023\/02\/icono_proyecto_crea.png\" alt=\"\" class=\"wp-image-114 size-full\"\/><\/figure><div class=\"wp-block-media-text__content\">\n<p class=\" eplus-wrapper\">Programa CREA<\/p>\n<\/div><\/div>\n\n\n\n<div class=\" wp-block-media-text alignwide is-stacked-on-mobile has-medium-font-size eplus-wrapper\" style=\"grid-template-columns:20% auto\"><figure class=\"wp-block-media-text__media\"><a href=\"abies\/\"><img decoding=\"async\" src=\"https:\/\/portaleseducativos.educarex.es\/formacion15\/wp-content\/uploads\/sites\/306\/2023\/02\/iconos_proyecto_abies-3.png\" alt=\"\" class=\"wp-image-113 size-full\"\/><\/a><\/figure><div class=\"wp-block-media-text__content\">\n<p class=\" eplus-wrapper\">Abies<\/p>\n<\/div><\/div>\n\n\n\n<div class=\" wp-block-media-text alignwide is-stacked-on-mobile has-medium-font-size eplus-wrapper\" style=\"grid-template-columns:20% auto\"><figure class=\"wp-block-media-text__media\"><img loading=\"lazy\" decoding=\"async\" width=\"64\" height=\"64\" src=\"https:\/\/portaleseducativos.educarex.es\/formacion15\/wp-content\/uploads\/sites\/306\/2023\/02\/icono_proyecto_librarium.png\" alt=\"\" class=\"wp-image-119 size-full\"\/><\/figure><div class=\"wp-block-media-text__content\">\n<p class=\" eplus-wrapper\">Librarium<\/p>\n<\/div><\/div>\n\n\n\n<div class=\" wp-block-media-text alignwide is-stacked-on-mobile has-medium-font-size eplus-wrapper\" style=\"grid-template-columns:20% auto\"><figure class=\"wp-block-media-text__media\"><img loading=\"lazy\" decoding=\"async\" width=\"64\" height=\"64\" src=\"https:\/\/portaleseducativos.educarex.es\/formacion15\/wp-content\/uploads\/sites\/306\/2023\/02\/icono_proyecto_meteoescuela.png\" alt=\"\" class=\"wp-image-121 size-full\"\/><\/figure><div class=\"wp-block-media-text__content\">\n<p class=\" eplus-wrapper\">MeteoEscuela<\/p>\n<\/div><\/div>\n<\/div>\n<\/div>\n","protected":false},"excerpt":{"rendered":"<p>Los centros extreme\u00f1os participan en diferentes proyectos, para ofrecer una educaci\u00f3n m\u00e1s completa y personalizada a su alumnado. Estos proyectos abarcan una oferta did\u00e1ctica muy diversa, incluyendo nuestra plataforma educativa [&hellip;]<\/p>\n","protected":false},"author":2,"featured_media":487,"parent":0,"menu_order":0,"comment_status":"closed","ping_status":"closed","template":"","meta":{"_uag_custom_page_level_css":"","_editorskit_title_hidden":true,"_editorskit_reading_time":1,"_editorskit_is_block_options_detached":false,"_editorskit_block_options_position":"{}","footnotes":""},"class_list":["post-69","page","type-page","status-publish","has-post-thumbnail","hentry"],"uagb_featured_image_src":{"full":["https:\/\/portaleseducativos.educarex.es\/formacion15\/wp-content\/uploads\/sites\/306\/2023\/03\/banner_espacio_proyectos.png",1024,178,false],"thumbnail":["https:\/\/portaleseducativos.educarex.es\/formacion15\/wp-content\/uploads\/sites\/306\/2023\/03\/banner_espacio_proyectos.png",300,52,false],"medium":["https:\/\/portaleseducativos.educarex.es\/formacion15\/wp-content\/uploads\/sites\/306\/2023\/03\/banner_espacio_proyectos.png",600,104,false],"medium_large":["https:\/\/portaleseducativos.educarex.es\/formacion15\/wp-content\/uploads\/sites\/306\/2023\/03\/banner_espacio_proyectos-768x134.png",768,134,true],"large":["https:\/\/portaleseducativos.educarex.es\/formacion15\/wp-content\/uploads\/sites\/306\/2023\/03\/banner_espacio_proyectos.png",1024,178,false],"1536x1536":["https:\/\/portaleseducativos.educarex.es\/formacion15\/wp-content\/uploads\/sites\/306\/2023\/03\/banner_espacio_proyectos.png",1024,178,false],"2048x2048":["https:\/\/portaleseducativos.educarex.es\/formacion15\/wp-content\/uploads\/sites\/306\/2023\/03\/banner_espacio_proyectos.png",1024,178,false]},"uagb_author_info":{"display_name":"Manuel Narv\u00e1ez Mart\u00ednez","author_link":"https:\/\/portaleseducativos.educarex.es\/formacion15\/author\/admin257\/"},"uagb_comment_info":0,"uagb_excerpt":"Los centros extreme\u00f1os participan en diferentes proyectos, para ofrecer una educaci\u00f3n m\u00e1s completa y personalizada a su alumnado. Estos proyectos abarcan una oferta did\u00e1ctica muy diversa, incluyendo nuestra plataforma educativa [&hellip;]","_links":{"self":[{"href":"https:\/\/portaleseducativos.educarex.es\/formacion15\/wp-json\/wp\/v2\/pages\/69","targetHints":{"allow":["GET"]}}],"collection":[{"href":"https:\/\/portaleseducativos.educarex.es\/formacion15\/wp-json\/wp\/v2\/pages"}],"about":[{"href":"https:\/\/portaleseducativos.educarex.es\/formacion15\/wp-json\/wp\/v2\/types\/page"}],"author":[{"embeddable":true,"href":"https:\/\/portaleseducativos.educarex.es\/formacion15\/wp-json\/wp\/v2\/users\/2"}],"replies":[{"embeddable":true,"href":"https:\/\/portaleseducativos.educarex.es\/formacion15\/wp-json\/wp\/v2\/comments?post=69"}],"version-history":[{"count":0,"href":"https:\/\/portaleseducativos.educarex.es\/formacion15\/wp-json\/wp\/v2\/pages\/69\/revisions"}],"wp:featuredmedia":[{"embeddable":true,"href":"https:\/\/portaleseducativos.educarex.es\/formacion15\/wp-json\/wp\/v2\/media\/487"}],"wp:attachment":[{"href":"https:\/\/portaleseducativos.educarex.es\/formacion15\/wp-json\/wp\/v2\/media?parent=69"}],"curies":[{"name":"wp","href":"https:\/\/api.w.org\/{rel}","templated":true}]}}