{"id":15,"date":"2023-01-31T15:32:44","date_gmt":"2023-01-31T14:32:44","guid":{"rendered":"https:\/\/portaleseducativos.educarex.es\/revistacaparra\/?page_id=15"},"modified":"2026-04-14T11:52:07","modified_gmt":"2026-04-14T09:52:07","slug":"inicio","status":"publish","type":"page","link":"https:\/\/portaleseducativos.educarex.es\/revistacaparra\/","title":{"rendered":"Inicio"},"content":{"rendered":"\n<div class=\"wp-block-uagb-advanced-heading uagb-block-507505d3 eplus-wrapper\"><h2 class=\"uagb-heading-text\"><strong>Te damos la bienvenida a la p\u00e1gina web de la Revista CaPaRra<\/strong><\/h2><\/div>\n\n\n\n<p class=\"has-text-align-center eplus-wrapper\"><strong>\u00abRevista de innovaci\u00f3n y experiencias educativas editada por los CPR de la provincia de C\u00e1ceres, donde el profesorado visibiliza los proyectos y experiencias m\u00e1s enriquecedoras del \u00faltimo curso escolar\u00bb<\/strong><\/p>\n\n\n\n<div style=\"height:100px\" aria-hidden=\"true\" class=\"wp-block-spacer\"><\/div>\n\n\n\n<div style=\"text-align: center;\">\n  <h1 style=\"color: #1bab13; font-family: Arial, Helvetica, sans-serif; font-size: 24px; font-weight: 700; margin: 0; padding: 20px 200px; background: linear-gradient(90deg, #caf880, #71ce7e); border-radius: 18px; box-shadow: 0 8px 20px rgba(0, 0, 0, 0.18); display: inline-block;\">\n    \u00daLTIMA REVISTA PUBLICADA\n  <\/h1>\n<\/div>\n<br><\/br>\n\n\n\n<div class=\"wp-block-uagb-container uagb-block-a6fdf051 alignfull uagb-is-root-container\"><div class=\"uagb-container-inner-blocks-wrap\"><div class=\"wp-block-image\">\n<figure class=\"aligncenter size-full is-resized\"><img decoding=\"async\" src=\"https:\/\/portaleseducativos.educarex.es\/revistacaparra\/wp-content\/uploads\/sites\/434\/2026\/04\/CAPARRA24.png\" alt=\"\" class=\"wp-image-1450\" style=\"aspect-ratio:0.7078189300411523;width:275px;height:auto\"\/><\/figure>\n<\/div><\/div><\/div>\n\n\n\n<div style=\"height:100px\" aria-hidden=\"true\" class=\"wp-block-spacer\"><\/div>\n\n\n\n<div style=\"text-align: center;\">\n  <h1 style=\"color: #1bab13; font-family: Arial, Helvetica, sans-serif; font-size: 24px; font-weight: 700; margin: 0; padding: 20px 200px; background: linear-gradient(90deg, #caf880, #71ce7e); border-radius: 18px; box-shadow: 0 8px 20px rgba(0, 0, 0, 0.18); display: inline-block;\">\n    TODAS LAS ENTRADAS\n  <\/h1>\n<\/div>\n<br><\/br>\n\n\n\n\t\t\t<div class=\"wp-block-uagb-post-grid uagb-post-grid  uagb-post__image-position-top uagb-post__image-enabled uagb-block-2ea691d5     uagb-post__items uagb-post__columns-2 is-grid uagb-post__columns-tablet-2 uagb-post__columns-mobile-1 uagb-post__equal-height uagb-equal_height_inline-read-more-buttons\" data-total=\"1\" style=\"\">\n\n\t\t\t\t\t\t\t\t\t\t\t\t<article class=\"uagb-post__inner-wrap\">\t\t\t\t\t\t\t\t<div class='uagb-post__image'>\n\t\t\t\t\t\t\t\t\t<a href=\"https:\/\/portaleseducativos.educarex.es\/revistacaparra\/ejemplo-e-articulo\/\" target=\"_self\" rel=\"bookmark noopener noreferrer\" class='uagb-image-ratio-inherit'><img loading=\"lazy\" decoding=\"async\" width=\"256\" height=\"362\" src=\"https:\/\/portaleseducativos.educarex.es\/revistacaparra\/wp-content\/uploads\/sites\/434\/2026\/04\/CAPARRA24-e1775822081925.png\" class=\"attachment-large size-large\" alt=\"\" \/>\t\t\t\t\t<\/a>\n\t\t\t\t\t\t\t<\/div>\n\t\t\t\t\t\t<h4 class=\"uagb-post__title uagb-post__text\">\n\t\t\t\t<a href=\"https:\/\/portaleseducativos.educarex.es\/revistacaparra\/ejemplo-e-articulo\/\" target=\"_self\" rel=\"bookmark noopener noreferrer\">Presentaci\u00f3n Revista CAPARRA<\/a>\n\t\t\t<\/h4>\n\t\t\t\t\t\t<div class='uagb-post__text uagb-post-grid-byline'>\n\t\t\t\t\t\t\t\t<span class=\"uagb-post__author\">\n\t\t\t\t<span class=\"dashicons-admin-users dashicons\"><\/span>\t\t\t\t\t<a href=\"https:\/\/portaleseducativos.educarex.es\/revistacaparra\/author\/raulherrera\/\" title=\"Entradas de Ra\u00fal Herrera \u00c1lvarez\" rel=\"author\">Ra\u00fal Herrera \u00c1lvarez<\/a>\t\t\t\t<\/span>\n\t\t\t\t\t\t\t<time datetime=\"2026-04-07T13:13:32+02:00\" class=\"uagb-post__date\">\n\t\t\t\t<span class=\"dashicons-calendar dashicons\"><\/span>\t\t\t\t\t7 de abril de 2026\t\t\t\t<\/time>\n\t\t\t\t\t\t<\/div>\n\t\t\t\t\t\t\t<div class='uagb-post__text uagb-post__excerpt'>\n\t\t\t\t\t<p>\u00abLa presentaci\u00f3n de la Revista C\u00e1parra no es solo la entrega de una publicaci\u00f3n, es la celebraci\u00f3n del trabajo conjunto y la innovaci\u00f3n de todos los docentes de nuestra provincia.\u00bb&#8230;\t\t\t\t<\/div>\n\t\t\t\t\t\t<div class=\"uagb-post__text uagb-post__cta wp-block-button\">\n\t\t\t\t<a class=\"wp-block-button__link uagb-text-link\" style=\"\" href=\"https:\/\/portaleseducativos.educarex.es\/revistacaparra\/ejemplo-e-articulo\/\" target=\"_self\" rel=\"bookmark noopener noreferrer\">Leer m\u00e1s<\/a>\n\t\t\t<\/div>\n\t\t\t\n\t\t\t\t\t\t\t\t\t<\/article>\n\t\t\t\t\t\t\t\t\t\t\t\t\t<div class=\"uagb-post-pagination-wrap\">\n\t\t\t\t\t\t\t\t\t\t\t<\/div>\n\t\t\t\t\t\t\t\t<\/div>\n\t\t\t\n\n\n<div style=\"height:100px\" aria-hidden=\"true\" class=\"wp-block-spacer\"><\/div>\n\n\n\n<div style=\"text-align: center;\">\n  <h1 style=\"color: #1bab13; font-family: Arial, Helvetica, sans-serif; font-size: 24px; font-weight: 700; margin: 0; padding: 20px 200px; background: linear-gradient(90deg, #caf880, #71ce7e); border-radius: 18px; box-shadow: 0 8px 20px rgba(0, 0, 0, 0.18); display: inline-block;\">\n    CPRs PROVINCIA DE C\u00c1CERES\n  <\/h1>\n<\/div>\n<br><\/br>\n\n\n\n<div class=\"wp-block-uagb-container uagb-block-8865fc8e alignfull uagb-is-root-container\"><div class=\"uagb-container-inner-blocks-wrap\">\n<div class=\"wp-block-uagb-container uagb-block-a294f701\">\n<figure class=\"wp-block-image size-full\"><a href=\"https:\/\/cprbrozas.educarex.es\/\"><img loading=\"lazy\" decoding=\"async\" width=\"240\" height=\"240\" src=\"https:\/\/portaleseducativos.educarex.es\/revistacaparra\/wp-content\/uploads\/sites\/434\/2026\/04\/Logo-CPR-Brozas.jpg\" alt=\"\" class=\"wp-image-1531\"\/><\/a><\/figure>\n<\/div>\n\n\n\n<div class=\"wp-block-uagb-container uagb-block-b5c86373\">\n<figure class=\"wp-block-image size-full\"><a href=\"https:\/\/cprcaceres.educarex.es\/\"><img loading=\"lazy\" decoding=\"async\" width=\"400\" height=\"400\" src=\"https:\/\/portaleseducativos.educarex.es\/revistacaparra\/wp-content\/uploads\/sites\/434\/2026\/04\/Logo-CPR-Caceres.jpg\" alt=\"\" class=\"wp-image-1532\" srcset=\"https:\/\/portaleseducativos.educarex.es\/revistacaparra\/wp-content\/uploads\/sites\/434\/2026\/04\/Logo-CPR-Caceres.jpg 400w, https:\/\/portaleseducativos.educarex.es\/revistacaparra\/wp-content\/uploads\/sites\/434\/2026\/04\/Logo-CPR-Caceres-300x300.jpg 300w\" sizes=\"(max-width: 400px) 100vw, 400px\" \/><\/a><\/figure>\n<\/div>\n\n\n\n<div class=\"wp-block-uagb-container uagb-block-7f90ad75\">\n<figure class=\"wp-block-image size-full\"><a href=\"https:\/\/cprcaminomorisco.educarex.es\/\"><img loading=\"lazy\" decoding=\"async\" width=\"282\" height=\"195\" src=\"https:\/\/portaleseducativos.educarex.es\/revistacaparra\/wp-content\/uploads\/sites\/434\/2026\/04\/Logo-CPR-Caminomorisco.jpg\" alt=\"\" class=\"wp-image-1533\"\/><\/a><\/figure>\n<\/div>\n\n\n\n<div class=\"wp-block-uagb-container uagb-block-5d3cdc88\">\n<figure class=\"wp-block-image size-large\"><a href=\"https:\/\/cprcoria.educarex.es\/\"><img loading=\"lazy\" decoding=\"async\" width=\"930\" height=\"1280\" src=\"https:\/\/portaleseducativos.educarex.es\/revistacaparra\/wp-content\/uploads\/sites\/434\/2026\/04\/Logo-CPR-Coria-930x1280.png\" alt=\"\" class=\"wp-image-1534\" srcset=\"https:\/\/portaleseducativos.educarex.es\/revistacaparra\/wp-content\/uploads\/sites\/434\/2026\/04\/Logo-CPR-Coria-930x1280.png 930w, https:\/\/portaleseducativos.educarex.es\/revistacaparra\/wp-content\/uploads\/sites\/434\/2026\/04\/Logo-CPR-Coria-436x600.png 436w, https:\/\/portaleseducativos.educarex.es\/revistacaparra\/wp-content\/uploads\/sites\/434\/2026\/04\/Logo-CPR-Coria-768x1057.png 768w, https:\/\/portaleseducativos.educarex.es\/revistacaparra\/wp-content\/uploads\/sites\/434\/2026\/04\/Logo-CPR-Coria-1116x1536.png 1116w, https:\/\/portaleseducativos.educarex.es\/revistacaparra\/wp-content\/uploads\/sites\/434\/2026\/04\/Logo-CPR-Coria-1488x2048.png 1488w, https:\/\/portaleseducativos.educarex.es\/revistacaparra\/wp-content\/uploads\/sites\/434\/2026\/04\/Logo-CPR-Coria-scaled.png 1859w\" sizes=\"(max-width: 930px) 100vw, 930px\" \/><\/a><\/figure>\n<\/div>\n\n\n\n<div class=\"wp-block-uagb-container uagb-block-3d6dde7d\">\n<figure class=\"wp-block-image size-large\"><a href=\"https:\/\/cprhoyos.educarex.es\/\"><img loading=\"lazy\" decoding=\"async\" width=\"1280\" height=\"1159\" src=\"https:\/\/portaleseducativos.educarex.es\/revistacaparra\/wp-content\/uploads\/sites\/434\/2026\/04\/Logo-CPR-Hoyos-1280x1159.png\" alt=\"\" class=\"wp-image-1535\" srcset=\"https:\/\/portaleseducativos.educarex.es\/revistacaparra\/wp-content\/uploads\/sites\/434\/2026\/04\/Logo-CPR-Hoyos-1280x1159.png 1280w, https:\/\/portaleseducativos.educarex.es\/revistacaparra\/wp-content\/uploads\/sites\/434\/2026\/04\/Logo-CPR-Hoyos-600x543.png 600w, https:\/\/portaleseducativos.educarex.es\/revistacaparra\/wp-content\/uploads\/sites\/434\/2026\/04\/Logo-CPR-Hoyos-768x695.png 768w, https:\/\/portaleseducativos.educarex.es\/revistacaparra\/wp-content\/uploads\/sites\/434\/2026\/04\/Logo-CPR-Hoyos-1536x1391.png 1536w, https:\/\/portaleseducativos.educarex.es\/revistacaparra\/wp-content\/uploads\/sites\/434\/2026\/04\/Logo-CPR-Hoyos-2048x1854.png 2048w\" sizes=\"(max-width: 1280px) 100vw, 1280px\" \/><\/a><\/figure>\n<\/div>\n\n\n\n<div class=\"wp-block-uagb-container uagb-block-d8eb11c2\">\n<figure class=\"wp-block-image size-full\"><a href=\"https:\/\/cprjaraiz.educarex.es\/\"><img loading=\"lazy\" decoding=\"async\" width=\"225\" height=\"225\" src=\"https:\/\/portaleseducativos.educarex.es\/revistacaparra\/wp-content\/uploads\/sites\/434\/2026\/04\/Logo-CPR-Jaraiz.jpg\" alt=\"\" class=\"wp-image-1536\"\/><\/a><\/figure>\n<\/div>\n<\/div><\/div>\n\n\n\n<div class=\"wp-block-uagb-container uagb-block-04604247 alignfull uagb-is-root-container\"><div class=\"uagb-container-inner-blocks-wrap\">\n<div class=\"wp-block-uagb-container uagb-block-b594948f\">\n<figure class=\"wp-block-image size-full\"><a href=\"https:\/\/cprnavalmoral.educarex.es\/\"><img loading=\"lazy\" decoding=\"async\" width=\"225\" height=\"225\" src=\"https:\/\/portaleseducativos.educarex.es\/revistacaparra\/wp-content\/uploads\/sites\/434\/2026\/04\/Logo-CPR-Navalmoral-de-la-Mata.png\" alt=\"\" class=\"wp-image-1537\"\/><\/a><\/figure>\n<\/div>\n\n\n\n<div class=\"wp-block-uagb-container uagb-block-54340d07\">\n<figure class=\"wp-block-image size-full\"><a href=\"https:\/\/cprplasencia.educarex.es\/\"><img loading=\"lazy\" decoding=\"async\" width=\"406\" height=\"124\" src=\"https:\/\/portaleseducativos.educarex.es\/revistacaparra\/wp-content\/uploads\/sites\/434\/2026\/04\/Logo-CPR-Plasencia.jpg\" alt=\"\" class=\"wp-image-1538\"\/><\/a><\/figure>\n<\/div>\n\n\n\n<div class=\"wp-block-uagb-container uagb-block-cd2b09cc\">\n<figure class=\"wp-block-image size-full\"><a href=\"https:\/\/cprtrujillo.educarex.es\/\"><img loading=\"lazy\" decoding=\"async\" width=\"400\" height=\"400\" src=\"https:\/\/portaleseducativos.educarex.es\/revistacaparra\/wp-content\/uploads\/sites\/434\/2026\/04\/Logo-CPR-Trujillo.jpeg\" alt=\"\" class=\"wp-image-1539\" srcset=\"https:\/\/portaleseducativos.educarex.es\/revistacaparra\/wp-content\/uploads\/sites\/434\/2026\/04\/Logo-CPR-Trujillo.jpeg 400w, https:\/\/portaleseducativos.educarex.es\/revistacaparra\/wp-content\/uploads\/sites\/434\/2026\/04\/Logo-CPR-Trujillo-300x300.jpeg 300w\" sizes=\"(max-width: 400px) 100vw, 400px\" \/><\/a><\/figure>\n<\/div>\n<\/div><\/div>\n\n\n\n<p><\/p>\n","protected":false},"excerpt":{"rendered":"<p>Te damos la bienvenida a la p\u00e1gina web de la Revista CaPaRra \u00abRevista de innovaci\u00f3n y experiencias educativas editada por los CPR de la provincia de C\u00e1ceres, donde el profesorado [&hellip;]<\/p>\n","protected":false},"author":2,"featured_media":1436,"parent":0,"menu_order":0,"comment_status":"closed","ping_status":"closed","template":"","meta":{"_uag_custom_page_level_css":"","_editorskit_title_hidden":true,"_editorskit_reading_time":1,"_editorskit_is_block_options_detached":false,"_editorskit_block_options_position":"{}","footnotes":""},"class_list":["post-15","page","type-page","status-publish","has-post-thumbnail","hentry"],"uagb_featured_image_src":{"full":["https:\/\/portaleseducativos.educarex.es\/revistacaparra\/wp-content\/uploads\/sites\/434\/2026\/04\/Logo-Caparra-Nuevo-1.png",2213,480,false],"thumbnail":["https:\/\/portaleseducativos.educarex.es\/revistacaparra\/wp-content\/uploads\/sites\/434\/2026\/04\/Logo-Caparra-Nuevo-1-300x300.png",300,300,true],"medium":["https:\/\/portaleseducativos.educarex.es\/revistacaparra\/wp-content\/uploads\/sites\/434\/2026\/04\/Logo-Caparra-Nuevo-1-600x130.png",600,130,true],"medium_large":["https:\/\/portaleseducativos.educarex.es\/revistacaparra\/wp-content\/uploads\/sites\/434\/2026\/04\/Logo-Caparra-Nuevo-1-768x167.png",768,167,true],"large":["https:\/\/portaleseducativos.educarex.es\/revistacaparra\/wp-content\/uploads\/sites\/434\/2026\/04\/Logo-Caparra-Nuevo-1-1280x278.png",1280,278,true],"1536x1536":["https:\/\/portaleseducativos.educarex.es\/revistacaparra\/wp-content\/uploads\/sites\/434\/2026\/04\/Logo-Caparra-Nuevo-1-1536x333.png",1536,333,true],"2048x2048":["https:\/\/portaleseducativos.educarex.es\/revistacaparra\/wp-content\/uploads\/sites\/434\/2026\/04\/Logo-Caparra-Nuevo-1-2048x444.png",2048,444,true]},"uagb_author_info":{"display_name":"Manuel Narv\u00e1ez Mart\u00ednez","author_link":"https:\/\/portaleseducativos.educarex.es\/revistacaparra\/author\/admin257\/"},"uagb_comment_info":0,"uagb_excerpt":"Te damos la bienvenida a la p\u00e1gina web de la Revista CaPaRra \u00abRevista de innovaci\u00f3n y experiencias educativas editada por los CPR de la provincia de C\u00e1ceres, donde el profesorado [&hellip;]","_links":{"self":[{"href":"https:\/\/portaleseducativos.educarex.es\/revistacaparra\/wp-json\/wp\/v2\/pages\/15","targetHints":{"allow":["GET"]}}],"collection":[{"href":"https:\/\/portaleseducativos.educarex.es\/revistacaparra\/wp-json\/wp\/v2\/pages"}],"about":[{"href":"https:\/\/portaleseducativos.educarex.es\/revistacaparra\/wp-json\/wp\/v2\/types\/page"}],"author":[{"embeddable":true,"href":"https:\/\/portaleseducativos.educarex.es\/revistacaparra\/wp-json\/wp\/v2\/users\/2"}],"replies":[{"embeddable":true,"href":"https:\/\/portaleseducativos.educarex.es\/revistacaparra\/wp-json\/wp\/v2\/comments?post=15"}],"version-history":[{"count":3,"href":"https:\/\/portaleseducativos.educarex.es\/revistacaparra\/wp-json\/wp\/v2\/pages\/15\/revisions"}],"predecessor-version":[{"id":1558,"href":"https:\/\/portaleseducativos.educarex.es\/revistacaparra\/wp-json\/wp\/v2\/pages\/15\/revisions\/1558"}],"wp:featuredmedia":[{"embeddable":true,"href":"https:\/\/portaleseducativos.educarex.es\/revistacaparra\/wp-json\/wp\/v2\/media\/1436"}],"wp:attachment":[{"href":"https:\/\/portaleseducativos.educarex.es\/revistacaparra\/wp-json\/wp\/v2\/media?parent=15"}],"curies":[{"name":"wp","href":"https:\/\/api.w.org\/{rel}","templated":true}]}}